{"id":2026,"date":"2012-04-02T10:19:12","date_gmt":"2012-04-02T09:19:12","guid":{"rendered":"http:\/\/www.museummurten\/workshops\/"},"modified":"2024-11-12T21:37:56","modified_gmt":"2024-11-12T20:37:56","slug":"workshops","status":"publish","type":"page","link":"https:\/\/www.museummurten.ch\/en\/offers\/workshops\/","title":{"rendered":"Workshops"},"content":{"rendered":"\n<style type=\"text\/css\" data-created_by=\"avia_inline_auto\" id=\"style-css-av-kl77p6-ef764f7caa7594c27e96f69bce34025f\">\n.avia-section.av-kl77p6-ef764f7caa7594c27e96f69bce34025f{\nbackground-repeat:no-repeat;\nbackground-image:url(https:\/\/www.museummurten.ch\/wp-content\/uploads\/2012\/04\/schmuck.jpg);\nbackground-position:0% 50%;\nbackground-attachment:scroll;\n}\n<\/style>\n<div id='av_section_1'  class='avia-section av-kl77p6-ef764f7caa7594c27e96f69bce34025f main_color avia-section-small avia-no-border-styling  avia-builder-el-0  el_before_av_heading  avia-builder-el-first  avia-full-stretch avia-bg-style-scroll av-minimum-height av-minimum-height-custom av-height-custom  container_wrap fullsize'  data-section-bg-repeat='stretch' data-av_minimum_height_px='300'><div class='container av-section-cont-open' style='height:300px'><main  role=\"main\" itemprop=\"mainContentOfPage\"  class='template-page content  av-content-full alpha units'><div class='post-entry post-entry-type-page post-entry-2026'><div class='entry-content-wrapper clearfix'><\/div><\/div><\/main><!-- close content main element --><\/div><\/div><div id='after_section_1'  class='main_color av_default_container_wrap container_wrap fullsize'  ><div class='container av-section-cont-open' ><div class='template-page content  av-content-full alpha units'><div class='post-entry post-entry-type-page post-entry-2026'><div class='entry-content-wrapper clearfix'>\n\n<style type=\"text\/css\" data-created_by=\"avia_inline_auto\" id=\"style-css-av-4pqiey-6d23c033877cfe947fa463ce6faa2407\">\n#top .av-special-heading.av-4pqiey-6d23c033877cfe947fa463ce6faa2407{\npadding-bottom:20px;\n}\nbody .av-special-heading.av-4pqiey-6d23c033877cfe947fa463ce6faa2407 .av-special-heading-tag .heading-char{\nfont-size:25px;\n}\n.av-special-heading.av-4pqiey-6d23c033877cfe947fa463ce6faa2407 .av-subheading{\nfont-size:15px;\n}\n<\/style>\n<div  class='av-special-heading av-4pqiey-6d23c033877cfe947fa463ce6faa2407 av-special-heading-h3 blockquote modern-quote  avia-builder-el-1  el_after_av_section  el_before_av_three_fifth  avia-builder-el-first '><h3 class='av-special-heading-tag '  itemprop=\"headline\"  >Workshop 1 | Herstellung von pr\u00e4historischem Schmuck<\/h3><div class=\"special-heading-border\"><div class=\"special-heading-inner-border\"><\/div><\/div><\/div>\n\n<style type=\"text\/css\" data-created_by=\"avia_inline_auto\" id=\"style-css-av-h3re96-3f4f1f73da481091e44a89d465e6a8b6\">\n.flex_column.av-h3re96-3f4f1f73da481091e44a89d465e6a8b6{\nborder-radius:0px 0px 0px 0px;\npadding:0px 0px 0px 0px;\n}\n<\/style>\n<div  class='flex_column av-h3re96-3f4f1f73da481091e44a89d465e6a8b6 av_three_fifth  avia-builder-el-2  el_after_av_heading  el_before_av_two_fifth  first flex_column_div av-zero-column-padding  '     ><section  class='av_textblock_section av-f4y3ka-f5f10844a345145d72089bb2d10c845f '   itemscope=\"itemscope\" itemtype=\"https:\/\/schema.org\/CreativeWork\" ><div class='avia_textblock'  itemprop=\"text\" ><p>Der Mensch hat seit Ur-Zeiten das Bed\u00fcrfnis, sich zu schm\u00fccken. Beliebt waren Anh\u00e4nger, die aus unterschiedlichen Materialien gefertigt sein konnten.<\/p>\n<p>Die Kinder k\u00f6nnen im Workshop ihr eigenes Schmuckst\u00fcck aus Holz, Muscheln und selbst gezwirnter Bastschnur herstellen.<\/p>\n<\/div><\/section><\/div>\n\n<style type=\"text\/css\" data-created_by=\"avia_inline_auto\" id=\"style-css-av-dvnvai-3724a48c47dd9d154e90cc4dde6c3244\">\n.flex_column.av-dvnvai-3724a48c47dd9d154e90cc4dde6c3244{\nborder-radius:0px 0px 0px 0px;\npadding:0px 0px 0px 0px;\n}\n<\/style>\n<div  class='flex_column av-dvnvai-3724a48c47dd9d154e90cc4dde6c3244 av_two_fifth  avia-builder-el-4  el_after_av_three_fifth  el_before_av_section  avia-builder-el-last  flex_column_div av-zero-column-padding  '     ><section  class='av_textblock_section av-cco256-2dabc2207f3be6b24854caffa11659c4 '   itemscope=\"itemscope\" itemtype=\"https:\/\/schema.org\/CreativeWork\" ><div class='avia_textblock'  itemprop=\"text\" ><p><strong>Ab 8 Jahren<\/strong><\/p>\n<p><strong>Dauer<\/strong>:\u00a0 1,5 &#8211; 2\u00a0 Std.<\/p>\n<p><strong>Teilnehmer:<\/strong> max. 20 &#8211; 25 Sch\u00fcler\/innen<\/p>\n<p><strong>Kosten:<\/strong> CHF 120.- inkl. Eintritt und Material<\/p>\n<\/div><\/section><\/div>\n<\/div><\/div><\/div><!-- close content main div --><\/div><\/div>\n<style type=\"text\/css\" data-created_by=\"avia_inline_auto\" id=\"style-css-av-bb4gqi-c6de7a17ba1d2a6bfde781696575807f\">\n.avia-section.av-bb4gqi-c6de7a17ba1d2a6bfde781696575807f{\nbackground-repeat:no-repeat;\nbackground-image:url(https:\/\/www.museummurten.ch\/wp-content\/uploads\/2012\/04\/romer.jpg);\nbackground-position:0% 50%;\nbackground-attachment:scroll;\n}\n<\/style>\n<div id='av_section_2'  class='avia-section av-bb4gqi-c6de7a17ba1d2a6bfde781696575807f main_color avia-section-small avia-no-border-styling  avia-builder-el-6  el_after_av_two_fifth  el_before_av_heading  avia-full-stretch avia-bg-style-scroll av-minimum-height av-minimum-height-custom av-height-custom  container_wrap fullsize'  data-section-bg-repeat='stretch' data-av_minimum_height_px='300'><div class='container av-section-cont-open' style='height:300px'><div class='template-page content  av-content-full alpha units'><div class='post-entry post-entry-type-page post-entry-2026'><div class='entry-content-wrapper clearfix'><\/div><\/div><\/div><!-- close content main div --><\/div><\/div><div id='after_section_2'  class='main_color av_default_container_wrap container_wrap fullsize'  ><div class='container av-section-cont-open' ><div class='template-page content  av-content-full alpha units'><div class='post-entry post-entry-type-page post-entry-2026'><div class='entry-content-wrapper clearfix'>\n\n<style type=\"text\/css\" data-created_by=\"avia_inline_auto\" id=\"style-css-av-2wzenu-501550d310093fcc35de9965c9e7e2bf\">\n#top .av-special-heading.av-2wzenu-501550d310093fcc35de9965c9e7e2bf{\npadding-bottom:20px;\n}\nbody .av-special-heading.av-2wzenu-501550d310093fcc35de9965c9e7e2bf .av-special-heading-tag .heading-char{\nfont-size:25px;\n}\n.av-special-heading.av-2wzenu-501550d310093fcc35de9965c9e7e2bf .av-subheading{\nfont-size:13px;\n}\n<\/style>\n<div  class='av-special-heading av-2wzenu-501550d310093fcc35de9965c9e7e2bf av-special-heading-h3 blockquote modern-quote  avia-builder-el-7  el_after_av_section  el_before_av_three_fifth  avia-builder-el-first '><h3 class='av-special-heading-tag '  itemprop=\"headline\"  >Workshop 2 | Chronologie &#8211; von der Steinzeit zu den R\u00f6mern<\/h3><div class=\"special-heading-border\"><div class=\"special-heading-inner-border\"><\/div><\/div><\/div>\n\n<style type=\"text\/css\" data-created_by=\"avia_inline_auto\" id=\"style-css-av-qdby2-97a472269eb01e7b46f02b4b1721fa50\">\n.flex_column.av-qdby2-97a472269eb01e7b46f02b4b1721fa50{\nborder-radius:0px 0px 0px 0px;\npadding:0px 0px 0px 0px;\n}\n<\/style>\n<div  class='flex_column av-qdby2-97a472269eb01e7b46f02b4b1721fa50 av_three_fifth  avia-builder-el-8  el_after_av_heading  el_before_av_two_fifth  first flex_column_div av-zero-column-padding  '     ><section  class='av_textblock_section av-5ibqvu-463e68351a46a5f6bf866ca10df4a327 '   itemscope=\"itemscope\" itemtype=\"https:\/\/schema.org\/CreativeWork\" ><div class='avia_textblock'  itemprop=\"text\" ><p>In diesem Workshop k\u00f6nnen die Kinder Originalfunde und Replikate in die Hand nehmen. Neben der sinnlichen Wahrnehmung von Objekten und Materialien entdecken sie kunsthandwerkliche Techniken und Entwicklungen \u00fcber die Jahrtausende.<\/p>\n<p>Die Kinder ordnen die Gegenst\u00e4nde in ihrer zeitlichen Reihenfolge und werden so mit den g\u00e4ngigen Zeitstufen der Arch\u00e4ologie vertraut.<\/p>\n<\/div><\/section><\/div>\n\n<style type=\"text\/css\" data-created_by=\"avia_inline_auto\" id=\"style-css-av-4k0bkq-dfabbd1ef8d70a3601f32b3fb0911da1\">\n.flex_column.av-4k0bkq-dfabbd1ef8d70a3601f32b3fb0911da1{\nborder-radius:0px 0px 0px 0px;\npadding:0px 0px 0px 0px;\n}\n<\/style>\n<div  class='flex_column av-4k0bkq-dfabbd1ef8d70a3601f32b3fb0911da1 av_two_fifth  avia-builder-el-10  el_after_av_three_fifth  avia-builder-el-last  flex_column_div av-zero-column-padding  '     ><section  class='av_textblock_section av-2am5gq-95ce91d1ea478bdcd1875bd249c371f3 '   itemscope=\"itemscope\" itemtype=\"https:\/\/schema.org\/CreativeWork\" ><div class='avia_textblock'  itemprop=\"text\" ><p><strong>Ab 9 Jahren<\/strong><\/p>\n<p><strong>Dauer:<\/strong> 1 Std.<\/p>\n<p><strong>Teilnehmer:<\/strong> max. 20-25 Sch\u00fcler\/innen<\/p>\n<p><strong>Kosten:<\/strong> CHF 80.- inkl. Eintritt und Material<\/p>\n<\/div><\/section><\/div>\n","protected":false},"excerpt":{"rendered":"","protected":false},"author":4,"featured_media":0,"parent":1990,"menu_order":0,"comment_status":"open","ping_status":"open","template":"","meta":{"footnotes":""},"class_list":["post-2026","page","type-page","status-publish","hentry"],"_links":{"self":[{"href":"https:\/\/www.museummurten.ch\/en\/wp-json\/wp\/v2\/pages\/2026","targetHints":{"allow":["GET"]}}],"collection":[{"href":"https:\/\/www.museummurten.ch\/en\/wp-json\/wp\/v2\/pages"}],"about":[{"href":"https:\/\/www.museummurten.ch\/en\/wp-json\/wp\/v2\/types\/page"}],"author":[{"embeddable":true,"href":"https:\/\/www.museummurten.ch\/en\/wp-json\/wp\/v2\/users\/4"}],"replies":[{"embeddable":true,"href":"https:\/\/www.museummurten.ch\/en\/wp-json\/wp\/v2\/comments?post=2026"}],"version-history":[{"count":5,"href":"https:\/\/www.museummurten.ch\/en\/wp-json\/wp\/v2\/pages\/2026\/revisions"}],"predecessor-version":[{"id":9248,"href":"https:\/\/www.museummurten.ch\/en\/wp-json\/wp\/v2\/pages\/2026\/revisions\/9248"}],"up":[{"embeddable":true,"href":"https:\/\/www.museummurten.ch\/en\/wp-json\/wp\/v2\/pages\/1990"}],"wp:attachment":[{"href":"https:\/\/www.museummurten.ch\/en\/wp-json\/wp\/v2\/media?parent=2026"}],"curies":[{"name":"wp","href":"https:\/\/api.w.org\/{rel}","templated":true}]}}

<style type="text/css" data-created_by="avia_inline_auto" id="style-css-av-kl77p6-ef764f7caa7594c27e96f69bce34025f">
.avia-section.av-kl77p6-ef764f7caa7594c27e96f69bce34025f{
background-repeat:no-repeat;
background-image:url(https://www.museummurten.ch/wp-content/uploads/2012/04/schmuck.jpg);
background-position:0% 50%;
background-attachment:scroll;
}
</style>
<div id='av_section_1'  class='avia-section av-kl77p6-ef764f7caa7594c27e96f69bce34025f main_color avia-section-small avia-no-border-styling  avia-builder-el-0  el_before_av_heading  avia-builder-el-first  avia-full-stretch avia-bg-style-scroll av-minimum-height av-minimum-height-custom av-height-custom  container_wrap fullsize'  data-section-bg-repeat='stretch' data-av_minimum_height_px='300'><div class='container av-section-cont-open' style='height:300px'><main  role="main" itemprop="mainContentOfPage"  class='template-page content  av-content-full alpha units'><div class='post-entry post-entry-type-page post-entry-2026'><div class='entry-content-wrapper clearfix'></div></div></main><!-- close content main element --></div></div><div id='after_section_1'  class='main_color av_default_container_wrap container_wrap fullsize'  ><div class='container av-section-cont-open' ><div class='template-page content  av-content-full alpha units'><div class='post-entry post-entry-type-page post-entry-2026'><div class='entry-content-wrapper clearfix'>

<style type="text/css" data-created_by="avia_inline_auto" id="style-css-av-4pqiey-6d23c033877cfe947fa463ce6faa2407">
#top .av-special-heading.av-4pqiey-6d23c033877cfe947fa463ce6faa2407{
padding-bottom:20px;
}
body .av-special-heading.av-4pqiey-6d23c033877cfe947fa463ce6faa2407 .av-special-heading-tag .heading-char{
font-size:25px;
}
.av-special-heading.av-4pqiey-6d23c033877cfe947fa463ce6faa2407 .av-subheading{
font-size:15px;
}
</style>
<div  class='av-special-heading av-4pqiey-6d23c033877cfe947fa463ce6faa2407 av-special-heading-h3 blockquote modern-quote  avia-builder-el-1  el_after_av_section  el_before_av_three_fifth  avia-builder-el-first '><h3 class='av-special-heading-tag '  itemprop="headline"  >Workshop 1 | Herstellung von prähistorischem Schmuck</h3><div class="special-heading-border"><div class="special-heading-inner-border"></div></div></div>

<style type="text/css" data-created_by="avia_inline_auto" id="style-css-av-h3re96-3f4f1f73da481091e44a89d465e6a8b6">
.flex_column.av-h3re96-3f4f1f73da481091e44a89d465e6a8b6{
border-radius:0px 0px 0px 0px;
padding:0px 0px 0px 0px;
}
</style>
<div  class='flex_column av-h3re96-3f4f1f73da481091e44a89d465e6a8b6 av_three_fifth  avia-builder-el-2  el_after_av_heading  el_before_av_two_fifth  first flex_column_div av-zero-column-padding  '     ><section  class='av_textblock_section av-f4y3ka-f5f10844a345145d72089bb2d10c845f '   itemscope="itemscope" itemtype="https://schema.org/CreativeWork" ><div class='avia_textblock'  itemprop="text" ><p>Der Mensch hat seit Ur-Zeiten das Bedürfnis, sich zu schmücken. Beliebt waren Anhänger, die aus unterschiedlichen Materialien gefertigt sein konnten.</p>
<p>Die Kinder können im Workshop ihr eigenes Schmuckstück aus Holz, Muscheln und selbst gezwirnter Bastschnur herstellen.</p>
</div></section></div>

<style type="text/css" data-created_by="avia_inline_auto" id="style-css-av-dvnvai-3724a48c47dd9d154e90cc4dde6c3244">
.flex_column.av-dvnvai-3724a48c47dd9d154e90cc4dde6c3244{
border-radius:0px 0px 0px 0px;
padding:0px 0px 0px 0px;
}
</style>
<div  class='flex_column av-dvnvai-3724a48c47dd9d154e90cc4dde6c3244 av_two_fifth  avia-builder-el-4  el_after_av_three_fifth  el_before_av_section  avia-builder-el-last  flex_column_div av-zero-column-padding  '     ><section  class='av_textblock_section av-cco256-2dabc2207f3be6b24854caffa11659c4 '   itemscope="itemscope" itemtype="https://schema.org/CreativeWork" ><div class='avia_textblock'  itemprop="text" ><p><strong>Ab 8 Jahren</strong></p>
<p><strong>Dauer</strong>:  1,5 &#8211; 2  Std.</p>
<p><strong>Teilnehmer:</strong> max. 20 &#8211; 25 Schüler/innen</p>
<p><strong>Kosten:</strong> CHF 120.- inkl. Eintritt und Material</p>
</div></section></div>
</div></div></div><!-- close content main div --></div></div>
<style type="text/css" data-created_by="avia_inline_auto" id="style-css-av-bb4gqi-c6de7a17ba1d2a6bfde781696575807f">
.avia-section.av-bb4gqi-c6de7a17ba1d2a6bfde781696575807f{
background-repeat:no-repeat;
background-image:url(https://www.museummurten.ch/wp-content/uploads/2012/04/romer.jpg);
background-position:0% 50%;
background-attachment:scroll;
}
</style>
<div id='av_section_2'  class='avia-section av-bb4gqi-c6de7a17ba1d2a6bfde781696575807f main_color avia-section-small avia-no-border-styling  avia-builder-el-6  el_after_av_two_fifth  el_before_av_heading  avia-full-stretch avia-bg-style-scroll av-minimum-height av-minimum-height-custom av-height-custom  container_wrap fullsize'  data-section-bg-repeat='stretch' data-av_minimum_height_px='300'><div class='container av-section-cont-open' style='height:300px'><div class='template-page content  av-content-full alpha units'><div class='post-entry post-entry-type-page post-entry-2026'><div class='entry-content-wrapper clearfix'></div></div></div><!-- close content main div --></div></div><div id='after_section_2'  class='main_color av_default_container_wrap container_wrap fullsize'  ><div class='container av-section-cont-open' ><div class='template-page content  av-content-full alpha units'><div class='post-entry post-entry-type-page post-entry-2026'><div class='entry-content-wrapper clearfix'>

<style type="text/css" data-created_by="avia_inline_auto" id="style-css-av-2wzenu-501550d310093fcc35de9965c9e7e2bf">
#top .av-special-heading.av-2wzenu-501550d310093fcc35de9965c9e7e2bf{
padding-bottom:20px;
}
body .av-special-heading.av-2wzenu-501550d310093fcc35de9965c9e7e2bf .av-special-heading-tag .heading-char{
font-size:25px;
}
.av-special-heading.av-2wzenu-501550d310093fcc35de9965c9e7e2bf .av-subheading{
font-size:13px;
}
</style>
<div  class='av-special-heading av-2wzenu-501550d310093fcc35de9965c9e7e2bf av-special-heading-h3 blockquote modern-quote  avia-builder-el-7  el_after_av_section  el_before_av_three_fifth  avia-builder-el-first '><h3 class='av-special-heading-tag '  itemprop="headline"  >Workshop 2 | Chronologie &#8211; von der Steinzeit zu den Römern</h3><div class="special-heading-border"><div class="special-heading-inner-border"></div></div></div>

<style type="text/css" data-created_by="avia_inline_auto" id="style-css-av-qdby2-97a472269eb01e7b46f02b4b1721fa50">
.flex_column.av-qdby2-97a472269eb01e7b46f02b4b1721fa50{
border-radius:0px 0px 0px 0px;
padding:0px 0px 0px 0px;
}
</style>
<div  class='flex_column av-qdby2-97a472269eb01e7b46f02b4b1721fa50 av_three_fifth  avia-builder-el-8  el_after_av_heading  el_before_av_two_fifth  first flex_column_div av-zero-column-padding  '     ><section  class='av_textblock_section av-5ibqvu-463e68351a46a5f6bf866ca10df4a327 '   itemscope="itemscope" itemtype="https://schema.org/CreativeWork" ><div class='avia_textblock'  itemprop="text" ><p>In diesem Workshop können die Kinder Originalfunde und Replikate in die Hand nehmen. Neben der sinnlichen Wahrnehmung von Objekten und Materialien entdecken sie kunsthandwerkliche Techniken und Entwicklungen über die Jahrtausende.</p>
<p>Die Kinder ordnen die Gegenstände in ihrer zeitlichen Reihenfolge und werden so mit den gängigen Zeitstufen der Archäologie vertraut.</p>
</div></section></div>

<style type="text/css" data-created_by="avia_inline_auto" id="style-css-av-4k0bkq-dfabbd1ef8d70a3601f32b3fb0911da1">
.flex_column.av-4k0bkq-dfabbd1ef8d70a3601f32b3fb0911da1{
border-radius:0px 0px 0px 0px;
padding:0px 0px 0px 0px;
}
</style>
<div  class='flex_column av-4k0bkq-dfabbd1ef8d70a3601f32b3fb0911da1 av_two_fifth  avia-builder-el-10  el_after_av_three_fifth  avia-builder-el-last  flex_column_div av-zero-column-padding  '     ><section  class='av_textblock_section av-2am5gq-95ce91d1ea478bdcd1875bd249c371f3 '   itemscope="itemscope" itemtype="https://schema.org/CreativeWork" ><div class='avia_textblock'  itemprop="text" ><p><strong>Ab 9 Jahren</strong></p>
<p><strong>Dauer:</strong> 1 Std.</p>
<p><strong>Teilnehmer:</strong> max. 20-25 Schüler/innen</p>
<p><strong>Kosten:</strong> CHF 80.- inkl. Eintritt und Material</p>
</div></section></div>
