{"id":2035,"date":"2015-11-09T09:27:54","date_gmt":"2015-11-09T08:27:54","guid":{"rendered":"http:\/\/www.museummurten\/teaching-sequences\/"},"modified":"2019-05-02T08:28:29","modified_gmt":"2019-05-02T07:28:29","slug":"teaching-sequences","status":"publish","type":"page","link":"https:\/\/www.museummurten.ch\/en\/offers\/teaching-sequences\/","title":{"rendered":"Teaching sequences"},"content":{"rendered":"\n<style type=\"text\/css\" data-created_by=\"avia_inline_auto\" id=\"style-css-av-av_section-393037ef0f46d7934a0454320aca492b\">\n.avia-section.av-av_section-393037ef0f46d7934a0454320aca492b{\nbackground-repeat:no-repeat;\nbackground-image:url(https:\/\/www.museummurten.ch\/wp-content\/uploads\/2016\/06\/mm13.jpg);\nbackground-position:0% 50%;\nbackground-attachment:scroll;\n}\n<\/style>\n<div id='av_section_1'  class='avia-section av-av_section-393037ef0f46d7934a0454320aca492b main_color avia-section-small avia-no-border-styling  avia-builder-el-0  el_before_av_heading  avia-builder-el-first  avia-full-stretch avia-bg-style-scroll av-minimum-height av-minimum-height-custom av-height-custom  container_wrap fullsize'  data-section-bg-repeat='stretch' data-av_minimum_height_px='300'><div class='container av-section-cont-open' style='height:300px'><main  role=\"main\" itemprop=\"mainContentOfPage\"  class='template-page content  av-content-full alpha units'><div class='post-entry post-entry-type-page post-entry-2035'><div class='entry-content-wrapper clearfix'><\/div><\/div><\/main><!-- close content main element --><\/div><\/div><div id='after_section_1'  class='main_color av_default_container_wrap container_wrap fullsize'  ><div class='container av-section-cont-open' ><div class='template-page content  av-content-full alpha units'><div class='post-entry post-entry-type-page post-entry-2035'><div class='entry-content-wrapper clearfix'>\n\n<style type=\"text\/css\" data-created_by=\"avia_inline_auto\" id=\"style-css-av-av_heading-fc7980b1212cc124b8bf33022234d426\">\n#top .av-special-heading.av-av_heading-fc7980b1212cc124b8bf33022234d426{\npadding-bottom:20px;\n}\nbody .av-special-heading.av-av_heading-fc7980b1212cc124b8bf33022234d426 .av-special-heading-tag .heading-char{\nfont-size:25px;\n}\n.av-special-heading.av-av_heading-fc7980b1212cc124b8bf33022234d426 .av-subheading{\nfont-size:15px;\n}\n<\/style>\n<div  class='av-special-heading av-av_heading-fc7980b1212cc124b8bf33022234d426 av-special-heading-h3 blockquote modern-quote  avia-builder-el-1  el_after_av_section  el_before_av_two_third  avia-builder-el-first '><h3 class='av-special-heading-tag '  itemprop=\"headline\"  >Auf Spurensuche im Museum<\/h3><div class=\"special-heading-border\"><div class=\"special-heading-inner-border\"><\/div><\/div><\/div>\n\n<style type=\"text\/css\" data-created_by=\"avia_inline_auto\" id=\"style-css-av-av_two_third-9497bbf8bff73ea4c6992cc17fa9ec36\">\n.flex_column.av-av_two_third-9497bbf8bff73ea4c6992cc17fa9ec36{\nborder-radius:0px 0px 0px 0px;\npadding:0px 0px 0px 0px;\n}\n<\/style>\n<div  class='flex_column av-av_two_third-9497bbf8bff73ea4c6992cc17fa9ec36 av_two_third  avia-builder-el-2  el_after_av_heading  el_before_av_one_third  first flex_column_div av-zero-column-padding  '     ><section  class='av_textblock_section av-av_textblock-0366cc7376be6c9e82a3e9cc8987b64f '   itemscope=\"itemscope\" itemtype=\"https:\/\/schema.org\/CreativeWork\" ><div class='avia_textblock'  itemprop=\"text\" ><p>Die P\u00e4dagogische Hochschule Freiburg und das Museum Murten haben mit dem Ziel, neue p\u00e4dagogische Aktivit\u00e4ten f\u00fcr Primarschulklassen (Zyklus 1 und Zyklus 2) zu entwickeln, zusammen gearbeitet.<\/p>\n<p>Diese neuen Aktivit\u00e4ten entstanden in Zusammenarbeit zwischen Dozenten der P\u00e4dagogischen Hochschule, Primarschullehrern\/-innen und dem Museum Murten. Die neuen Aktivit\u00e4ten lassen eine Vielzahl an Begriffen aus dem Lehrplan der Geistes- und Sozialwissenschaften f\u00fcr Klassen des ersten und zweiten Zyklus einfliessen und zur Sprache bringen.<\/p>\n<\/div><\/section><\/div>\n\n<style type=\"text\/css\" data-created_by=\"avia_inline_auto\" id=\"style-css-av-av_one_third-9c1d454dc06f7247226bc4e8f931daae\">\n.flex_column.av-av_one_third-9c1d454dc06f7247226bc4e8f931daae{\nborder-radius:0px 0px 0px 0px;\npadding:0px 0px 0px 0px;\n}\n<\/style>\n<div  class='flex_column av-av_one_third-9c1d454dc06f7247226bc4e8f931daae av_one_third  avia-builder-el-4  el_after_av_two_third  el_before_av_one_half  flex_column_div av-zero-column-padding  '     ><section  class='av_textblock_section av-av_textblock-0366cc7376be6c9e82a3e9cc8987b64f '   itemscope=\"itemscope\" itemtype=\"https:\/\/schema.org\/CreativeWork\" ><div class='avia_textblock'  itemprop=\"text\" ><p>K\u00fcnstlerische Aktivit\u00e4ten in Zusammenhang mit dem Inhalt des Museums k\u00f6nnen klassenweise realisiert werden und erweitern dementsprechend das Angebot.<\/p>\n<p>F\u00fcr weitere Informationen: <a href=\"http:\/\/museummurten.friportal.ch\/\/\" target=\"_blank\" rel=\"noopener noreferrer\">http:\/\/museummurten.friportal.ch\/<\/a><\/p>\n<\/div><\/section><\/div>\n\n<style type=\"text\/css\" data-created_by=\"avia_inline_auto\" id=\"style-css-av-av_one_half-9497bbf8bff73ea4c6992cc17fa9ec36\">\n.flex_column.av-av_one_half-9497bbf8bff73ea4c6992cc17fa9ec36{\nborder-radius:0px 0px 0px 0px;\npadding:0px 0px 0px 0px;\n}\n<\/style>\n<div  class='flex_column av-av_one_half-9497bbf8bff73ea4c6992cc17fa9ec36 av_one_half  avia-builder-el-6  el_after_av_one_third  el_before_av_one_half  first flex_column_div av-zero-column-padding  column-top-margin'     ><article  class='iconbox iconbox_top av-jv6bv2ev-a1a846034dfae8de2eb6d54985892537  avia-builder-el-7  avia-builder-el-no-sibling  main_color'  itemscope=\"itemscope\" itemtype=\"https:\/\/schema.org\/CreativeWork\" ><div class=\"iconbox_content\"><header class=\"entry-content-header\" aria-label=\"Icon: Zyklus 1\"><div class='iconbox_icon heading-color avia-iconfont avia-font-entypo-fontello' data-av_icon='\ue837' data-av_iconfont='entypo-fontello'  ><\/div><h3 class='iconbox_content_title '  itemprop=\"headline\" >Zyklus 1<\/h3><\/header><div class='iconbox_content_container '  itemprop=\"text\" ><p>Die Aktivit\u00e4t f\u00fcr die Klassen des Zyklus 1 gibt den Sch\u00fclern unter anderem die M\u00f6glichkeit, sich \u00fcber die Entwicklung unserer allt\u00e4glichen Gegenst\u00e4nde und \u00fcber die Br\u00e4uche und Gewohnheiten der jeweiligen Epochen Gedanken zu machen.<\/p>\n<p>CHF 5.- pro Sch\u00fcler\/Sch\u00fclerin<\/p>\n<\/div><\/div><footer class=\"entry-footer\"><\/footer><\/article><\/div>\n<style type=\"text\/css\" data-created_by=\"avia_inline_auto\" id=\"style-css-av-av_one_half-9c1d454dc06f7247226bc4e8f931daae\">\n.flex_column.av-av_one_half-9c1d454dc06f7247226bc4e8f931daae{\nborder-radius:0px 0px 0px 0px;\npadding:0px 0px 0px 0px;\n}\n<\/style>\n<div  class='flex_column av-av_one_half-9c1d454dc06f7247226bc4e8f931daae av_one_half  avia-builder-el-8  el_after_av_one_half  avia-builder-el-last  flex_column_div av-zero-column-padding  column-top-margin'     ><article  class='iconbox iconbox_top av-jv6bva80-e3d0d84c87a9a69a97d7660515aab18b  avia-builder-el-9  avia-builder-el-no-sibling  main_color'  itemscope=\"itemscope\" itemtype=\"https:\/\/schema.org\/CreativeWork\" ><div class=\"iconbox_content\"><header class=\"entry-content-header\" aria-label=\"Icon: Zyklus 2\"><div class='iconbox_icon heading-color avia-iconfont avia-font-entypo-fontello' data-av_icon='\ue837' data-av_iconfont='entypo-fontello'  ><\/div><h3 class='iconbox_content_title '  itemprop=\"headline\" >Zyklus 2<\/h3><\/header><div class='iconbox_content_container '  itemprop=\"text\" ><p>Die Aktivit\u00e4t des Zyklus 2 l\u00e4sst die Klassen in die Zeit der Murtenschlacht eintauchen. Die Sch\u00fcler werden dazu ermutigt, in einer historischen Vorgehensweise, Gegenst\u00e4nde der Vergangenheit zu erforschen und \u00fcber sich selbst nachzudenken. Sie ber\u00fchrt auch die ethische Dimension der historischen Interpretation.<\/p>\n<p>CHF 5.- pro Sch\u00fcler\/Sch\u00fclerin<\/p>\n<\/div><\/div><footer class=\"entry-footer\"><\/footer><\/article><\/div><\/p>\n","protected":false},"excerpt":{"rendered":"","protected":false},"author":2,"featured_media":0,"parent":1990,"menu_order":2,"comment_status":"open","ping_status":"open","template":"","meta":{"footnotes":""},"class_list":["post-2035","page","type-page","status-publish","hentry"],"_links":{"self":[{"href":"https:\/\/www.museummurten.ch\/en\/wp-json\/wp\/v2\/pages\/2035","targetHints":{"allow":["GET"]}}],"collection":[{"href":"https:\/\/www.museummurten.ch\/en\/wp-json\/wp\/v2\/pages"}],"about":[{"href":"https:\/\/www.museummurten.ch\/en\/wp-json\/wp\/v2\/types\/page"}],"author":[{"embeddable":true,"href":"https:\/\/www.museummurten.ch\/en\/wp-json\/wp\/v2\/users\/2"}],"replies":[{"embeddable":true,"href":"https:\/\/www.museummurten.ch\/en\/wp-json\/wp\/v2\/comments?post=2035"}],"version-history":[{"count":2,"href":"https:\/\/www.museummurten.ch\/en\/wp-json\/wp\/v2\/pages\/2035\/revisions"}],"predecessor-version":[{"id":5247,"href":"https:\/\/www.museummurten.ch\/en\/wp-json\/wp\/v2\/pages\/2035\/revisions\/5247"}],"up":[{"embeddable":true,"href":"https:\/\/www.museummurten.ch\/en\/wp-json\/wp\/v2\/pages\/1990"}],"wp:attachment":[{"href":"https:\/\/www.museummurten.ch\/en\/wp-json\/wp\/v2\/media?parent=2035"}],"curies":[{"name":"wp","href":"https:\/\/api.w.org\/{rel}","templated":true}]}}

<style type="text/css" data-created_by="avia_inline_auto" id="style-css-av-av_section-393037ef0f46d7934a0454320aca492b">
.avia-section.av-av_section-393037ef0f46d7934a0454320aca492b{
background-repeat:no-repeat;
background-image:url(https://www.museummurten.ch/wp-content/uploads/2016/06/mm13.jpg);
background-position:0% 50%;
background-attachment:scroll;
}
</style>
<div id='av_section_1'  class='avia-section av-av_section-393037ef0f46d7934a0454320aca492b main_color avia-section-small avia-no-border-styling  avia-builder-el-0  el_before_av_heading  avia-builder-el-first  avia-full-stretch avia-bg-style-scroll av-minimum-height av-minimum-height-custom av-height-custom  container_wrap fullsize'  data-section-bg-repeat='stretch' data-av_minimum_height_px='300'><div class='container av-section-cont-open' style='height:300px'><main  role="main" itemprop="mainContentOfPage"  class='template-page content  av-content-full alpha units'><div class='post-entry post-entry-type-page post-entry-2035'><div class='entry-content-wrapper clearfix'></div></div></main><!-- close content main element --></div></div><div id='after_section_1'  class='main_color av_default_container_wrap container_wrap fullsize'  ><div class='container av-section-cont-open' ><div class='template-page content  av-content-full alpha units'><div class='post-entry post-entry-type-page post-entry-2035'><div class='entry-content-wrapper clearfix'>

<style type="text/css" data-created_by="avia_inline_auto" id="style-css-av-av_heading-fc7980b1212cc124b8bf33022234d426">
#top .av-special-heading.av-av_heading-fc7980b1212cc124b8bf33022234d426{
padding-bottom:20px;
}
body .av-special-heading.av-av_heading-fc7980b1212cc124b8bf33022234d426 .av-special-heading-tag .heading-char{
font-size:25px;
}
.av-special-heading.av-av_heading-fc7980b1212cc124b8bf33022234d426 .av-subheading{
font-size:15px;
}
</style>
<div  class='av-special-heading av-av_heading-fc7980b1212cc124b8bf33022234d426 av-special-heading-h3 blockquote modern-quote  avia-builder-el-1  el_after_av_section  el_before_av_two_third  avia-builder-el-first '><h3 class='av-special-heading-tag '  itemprop="headline"  >Auf Spurensuche im Museum</h3><div class="special-heading-border"><div class="special-heading-inner-border"></div></div></div>

<style type="text/css" data-created_by="avia_inline_auto" id="style-css-av-av_two_third-9497bbf8bff73ea4c6992cc17fa9ec36">
.flex_column.av-av_two_third-9497bbf8bff73ea4c6992cc17fa9ec36{
border-radius:0px 0px 0px 0px;
padding:0px 0px 0px 0px;
}
</style>
<div  class='flex_column av-av_two_third-9497bbf8bff73ea4c6992cc17fa9ec36 av_two_third  avia-builder-el-2  el_after_av_heading  el_before_av_one_third  first flex_column_div av-zero-column-padding  '     ><section  class='av_textblock_section av-av_textblock-0366cc7376be6c9e82a3e9cc8987b64f '   itemscope="itemscope" itemtype="https://schema.org/CreativeWork" ><div class='avia_textblock'  itemprop="text" ><p>Die Pädagogische Hochschule Freiburg und das Museum Murten haben mit dem Ziel, neue pädagogische Aktivitäten für Primarschulklassen (Zyklus 1 und Zyklus 2) zu entwickeln, zusammen gearbeitet.</p>
<p>Diese neuen Aktivitäten entstanden in Zusammenarbeit zwischen Dozenten der Pädagogischen Hochschule, Primarschullehrern/-innen und dem Museum Murten. Die neuen Aktivitäten lassen eine Vielzahl an Begriffen aus dem Lehrplan der Geistes- und Sozialwissenschaften für Klassen des ersten und zweiten Zyklus einfliessen und zur Sprache bringen.</p>
</div></section></div>

<style type="text/css" data-created_by="avia_inline_auto" id="style-css-av-av_one_third-9c1d454dc06f7247226bc4e8f931daae">
.flex_column.av-av_one_third-9c1d454dc06f7247226bc4e8f931daae{
border-radius:0px 0px 0px 0px;
padding:0px 0px 0px 0px;
}
</style>
<div  class='flex_column av-av_one_third-9c1d454dc06f7247226bc4e8f931daae av_one_third  avia-builder-el-4  el_after_av_two_third  el_before_av_one_half  flex_column_div av-zero-column-padding  '     ><section  class='av_textblock_section av-av_textblock-0366cc7376be6c9e82a3e9cc8987b64f '   itemscope="itemscope" itemtype="https://schema.org/CreativeWork" ><div class='avia_textblock'  itemprop="text" ><p>Künstlerische Aktivitäten in Zusammenhang mit dem Inhalt des Museums können klassenweise realisiert werden und erweitern dementsprechend das Angebot.</p>
<p>Für weitere Informationen: <a href="http://museummurten.friportal.ch//" target="_blank" rel="noopener noreferrer">http://museummurten.friportal.ch/</a></p>
</div></section></div>

<style type="text/css" data-created_by="avia_inline_auto" id="style-css-av-av_one_half-9497bbf8bff73ea4c6992cc17fa9ec36">
.flex_column.av-av_one_half-9497bbf8bff73ea4c6992cc17fa9ec36{
border-radius:0px 0px 0px 0px;
padding:0px 0px 0px 0px;
}
</style>
<div  class='flex_column av-av_one_half-9497bbf8bff73ea4c6992cc17fa9ec36 av_one_half  avia-builder-el-6  el_after_av_one_third  el_before_av_one_half  first flex_column_div av-zero-column-padding  column-top-margin'     ><article  class='iconbox iconbox_top av-jv6bv2ev-a1a846034dfae8de2eb6d54985892537  avia-builder-el-7  avia-builder-el-no-sibling  main_color'  itemscope="itemscope" itemtype="https://schema.org/CreativeWork" ><div class="iconbox_content"><header class="entry-content-header" aria-label="Icon: Zyklus 1"><div class='iconbox_icon heading-color avia-iconfont avia-font-entypo-fontello' data-av_icon='' data-av_iconfont='entypo-fontello'  ></div><h3 class='iconbox_content_title '  itemprop="headline" >Zyklus 1</h3></header><div class='iconbox_content_container '  itemprop="text" ><p>Die Aktivität für die Klassen des Zyklus 1 gibt den Schülern unter anderem die Möglichkeit, sich über die Entwicklung unserer alltäglichen Gegenstände und über die Bräuche und Gewohnheiten der jeweiligen Epochen Gedanken zu machen.</p>
<p>CHF 5.- pro Schüler/Schülerin</p>
</div></div><footer class="entry-footer"></footer></article></div>
<style type="text/css" data-created_by="avia_inline_auto" id="style-css-av-av_one_half-9c1d454dc06f7247226bc4e8f931daae">
.flex_column.av-av_one_half-9c1d454dc06f7247226bc4e8f931daae{
border-radius:0px 0px 0px 0px;
padding:0px 0px 0px 0px;
}
</style>
<div  class='flex_column av-av_one_half-9c1d454dc06f7247226bc4e8f931daae av_one_half  avia-builder-el-8  el_after_av_one_half  avia-builder-el-last  flex_column_div av-zero-column-padding  column-top-margin'     ><article  class='iconbox iconbox_top av-jv6bva80-e3d0d84c87a9a69a97d7660515aab18b  avia-builder-el-9  avia-builder-el-no-sibling  main_color'  itemscope="itemscope" itemtype="https://schema.org/CreativeWork" ><div class="iconbox_content"><header class="entry-content-header" aria-label="Icon: Zyklus 2"><div class='iconbox_icon heading-color avia-iconfont avia-font-entypo-fontello' data-av_icon='' data-av_iconfont='entypo-fontello'  ></div><h3 class='iconbox_content_title '  itemprop="headline" >Zyklus 2</h3></header><div class='iconbox_content_container '  itemprop="text" ><p>Die Aktivität des Zyklus 2 lässt die Klassen in die Zeit der Murtenschlacht eintauchen. Die Schüler werden dazu ermutigt, in einer historischen Vorgehensweise, Gegenstände der Vergangenheit zu erforschen und über sich selbst nachzudenken. Sie berührt auch die ethische Dimension der historischen Interpretation.</p>
<p>CHF 5.- pro Schüler/Schülerin</p>
</div></div><footer class="entry-footer"></footer></article></div></p>
