{"id":2025,"date":"2012-04-02T10:19:12","date_gmt":"2012-04-02T09:19:12","guid":{"rendered":"http:\/\/www.museummurten\/ateliers\/"},"modified":"2024-11-12T21:38:07","modified_gmt":"2024-11-12T20:38:07","slug":"ateliers","status":"publish","type":"page","link":"https:\/\/www.museummurten.ch\/fr\/offres\/ateliers\/","title":{"rendered":"Ateliers"},"content":{"rendered":"\n<style type=\"text\/css\" data-created_by=\"avia_inline_auto\" id=\"style-css-av-k0s1nd-ae826cf32058a10018ca5e8a16a87aaa\">\n.avia-section.av-k0s1nd-ae826cf32058a10018ca5e8a16a87aaa{\nbackground-repeat:no-repeat;\nbackground-image:url(https:\/\/www.museummurten.ch\/wp-content\/uploads\/2012\/04\/schmuck.jpg);\nbackground-position:0% 50%;\nbackground-attachment:scroll;\n}\n<\/style>\n<div id='av_section_1'  class='avia-section av-k0s1nd-ae826cf32058a10018ca5e8a16a87aaa main_color avia-section-small avia-no-border-styling  avia-builder-el-0  el_before_av_heading  avia-builder-el-first  avia-full-stretch avia-bg-style-scroll av-minimum-height av-minimum-height-custom av-height-custom  container_wrap fullsize'  data-section-bg-repeat='stretch' data-av_minimum_height_px='300'><div class='container av-section-cont-open' style='height:300px'><main  role=\"main\" itemprop=\"mainContentOfPage\"  class='template-page content  av-content-full alpha units'><div class='post-entry post-entry-type-page post-entry-2025'><div class='entry-content-wrapper clearfix'><\/div><\/div><\/main><!-- close content main element --><\/div><\/div><div id='after_section_1'  class='main_color av_default_container_wrap container_wrap fullsize'  ><div class='container av-section-cont-open' ><div class='template-page content  av-content-full alpha units'><div class='post-entry post-entry-type-page post-entry-2025'><div class='entry-content-wrapper clearfix'>\n\n<style type=\"text\/css\" data-created_by=\"avia_inline_auto\" id=\"style-css-av-3kc109-dcd325d20b16d9f4acd6a597c84214da\">\n#top .av-special-heading.av-3kc109-dcd325d20b16d9f4acd6a597c84214da{\npadding-bottom:20px;\n}\nbody .av-special-heading.av-3kc109-dcd325d20b16d9f4acd6a597c84214da .av-special-heading-tag .heading-char{\nfont-size:25px;\n}\n.av-special-heading.av-3kc109-dcd325d20b16d9f4acd6a597c84214da .av-subheading{\nfont-size:15px;\n}\n<\/style>\n<div  class='av-special-heading av-3kc109-dcd325d20b16d9f4acd6a597c84214da av-special-heading-h3 blockquote modern-quote  avia-builder-el-1  el_after_av_section  el_before_av_three_fifth  avia-builder-el-first '><h3 class='av-special-heading-tag '  itemprop=\"headline\"  >Atelier 1 | Fabrication de bijoux pr\u00e9historiques<\/h3><div class=\"special-heading-border\"><div class=\"special-heading-inner-border\"><\/div><\/div><\/div>\n\n<style type=\"text\/css\" data-created_by=\"avia_inline_auto\" id=\"style-css-av-1t8q15-c66f231aabbd9120ae49268d5a86cdb5\">\n.flex_column.av-1t8q15-c66f231aabbd9120ae49268d5a86cdb5{\nborder-radius:0px 0px 0px 0px;\npadding:0px 0px 0px 0px;\n}\n<\/style>\n<div  class='flex_column av-1t8q15-c66f231aabbd9120ae49268d5a86cdb5 av_three_fifth  avia-builder-el-2  el_after_av_heading  el_before_av_two_fifth  first flex_column_div av-zero-column-padding  '     ><section  class='av_textblock_section av-fc589l-1c379b0c90d93ea32217226e9210169d '   itemscope=\"itemscope\" itemtype=\"https:\/\/schema.org\/CreativeWork\" ><div class='avia_textblock'  itemprop=\"text\" ><p>L\u2019\u00eatre humain a ressenti depuis la nuit des temps le besoin de se parer de bijoux. Les pendentifs con\u00e7us en diff\u00e9rents mat\u00e9riaux \u00e9taient tr\u00e8s appr\u00e9ci\u00e9s.<\/p>\n<p>Dans cet atelier, les enfants peuvent \u00e9laborer leur propre bijou en bois ou en coquillage et tresser eux-m\u00eames la ficelle devant porter le pendentif.<\/p>\n<\/div><\/section><\/div>\n\n<style type=\"text\/css\" data-created_by=\"avia_inline_auto\" id=\"style-css-av-1hjrpl-219a0b87503e388ec64170d683dfdf62\">\n.flex_column.av-1hjrpl-219a0b87503e388ec64170d683dfdf62{\nborder-radius:0px 0px 0px 0px;\npadding:0px 0px 0px 0px;\n}\n<\/style>\n<div  class='flex_column av-1hjrpl-219a0b87503e388ec64170d683dfdf62 av_two_fifth  avia-builder-el-4  el_after_av_three_fifth  el_before_av_section  avia-builder-el-last  flex_column_div av-zero-column-padding  '     ><section  class='av_textblock_section av-d2qf09-9de04344e2ca938da2e572e105d43ee8 '   itemscope=\"itemscope\" itemtype=\"https:\/\/schema.org\/CreativeWork\" ><div class='avia_textblock'  itemprop=\"text\" ><p><strong>D\u00e8s 8 ans<br \/>\n<\/strong><\/p>\n<p><strong>Dur\u00e9e<\/strong>:\u00a0 1,5 &#8211; 2\u00a0 heures<\/p>\n<p><strong>Participants:<\/strong> max. 20 &#8211; 25 \u00e9l\u00e8ves<\/p>\n<p><strong>Co\u00fbts:<\/strong> CHF 120.- entr\u00e9e et mat\u00e9riel inclus<\/p>\n<\/div><\/section><\/div>\n<\/div><\/div><\/div><!-- close content main div --><\/div><\/div>\n<style type=\"text\/css\" data-created_by=\"avia_inline_auto\" id=\"style-css-av-3x2q1-b5034b3d76f89ebdf6d0d10662dcb571\">\n.avia-section.av-3x2q1-b5034b3d76f89ebdf6d0d10662dcb571{\nbackground-repeat:no-repeat;\nbackground-image:url(https:\/\/www.museummurten.ch\/wp-content\/uploads\/2012\/04\/romer.jpg);\nbackground-position:0% 50%;\nbackground-attachment:scroll;\n}\n<\/style>\n<div id='av_section_2'  class='avia-section av-3x2q1-b5034b3d76f89ebdf6d0d10662dcb571 main_color avia-section-small avia-no-border-styling  avia-builder-el-6  el_after_av_two_fifth  el_before_av_heading  avia-full-stretch avia-bg-style-scroll av-minimum-height av-minimum-height-custom av-height-custom  container_wrap fullsize'  data-section-bg-repeat='stretch' data-av_minimum_height_px='300'><div class='container av-section-cont-open' style='height:300px'><div class='template-page content  av-content-full alpha units'><div class='post-entry post-entry-type-page post-entry-2025'><div class='entry-content-wrapper clearfix'><\/div><\/div><\/div><!-- close content main div --><\/div><\/div><div id='after_section_2'  class='main_color av_default_container_wrap container_wrap fullsize'  ><div class='container av-section-cont-open' ><div class='template-page content  av-content-full alpha units'><div class='post-entry post-entry-type-page post-entry-2025'><div class='entry-content-wrapper clearfix'>\n\n<style type=\"text\/css\" data-created_by=\"avia_inline_auto\" id=\"style-css-av-2q97ix-1fcab061d82fb94ee3b04d6db8f8b972\">\n#top .av-special-heading.av-2q97ix-1fcab061d82fb94ee3b04d6db8f8b972{\npadding-bottom:20px;\n}\nbody .av-special-heading.av-2q97ix-1fcab061d82fb94ee3b04d6db8f8b972 .av-special-heading-tag .heading-char{\nfont-size:25px;\n}\n.av-special-heading.av-2q97ix-1fcab061d82fb94ee3b04d6db8f8b972 .av-subheading{\nfont-size:13px;\n}\n<\/style>\n<div  class='av-special-heading av-2q97ix-1fcab061d82fb94ee3b04d6db8f8b972 av-special-heading-h3 blockquote modern-quote  avia-builder-el-7  el_after_av_section  el_before_av_three_fifth  avia-builder-el-first '><h3 class='av-special-heading-tag '  itemprop=\"headline\"  >Atelier 2 | Chronologie \u2013 De l\u2019\u00e2ge de la pierre aux Romains<\/h3><div class=\"special-heading-border\"><div class=\"special-heading-inner-border\"><\/div><\/div><\/div>\n\n<style type=\"text\/css\" data-created_by=\"avia_inline_auto\" id=\"style-css-av-6xe3ft-d644d9966bfef132c3406be923dcf74a\">\n.flex_column.av-6xe3ft-d644d9966bfef132c3406be923dcf74a{\nborder-radius:0px 0px 0px 0px;\npadding:0px 0px 0px 0px;\n}\n<\/style>\n<div  class='flex_column av-6xe3ft-d644d9966bfef132c3406be923dcf74a av_three_fifth  avia-builder-el-8  el_after_av_heading  el_before_av_two_fifth  first flex_column_div av-zero-column-padding  '     ><section  class='av_textblock_section av-jx7gp-a73750cb01ebb9f85df2f892a28ab57c '   itemscope=\"itemscope\" itemtype=\"https:\/\/schema.org\/CreativeWork\" ><div class='avia_textblock'  itemprop=\"text\" ><p>Dans cet atelier, les enfants peuvent avoir en mains des objets originaux provenant de fouilles ainsi que des copies. Outre la perception sensorielle d\u2019objets et de mat\u00e9riaux, ils d\u00e9couvrent les techniques de l\u2019artisanat et leur d\u00e9veloppement \u00e0 travers les si\u00e8cles.<\/p>\n<p>Les enfants rangent dans l\u2019ordre chronologique les objets et se familiariseront ainsi aux p\u00e9riodes courantes de l\u2019arch\u00e9ologie.<\/p>\n<\/div><\/section><\/div>\n\n<style type=\"text\/css\" data-created_by=\"avia_inline_auto\" id=\"style-css-av-47saix-c6dd93944699c3093263150d71f61145\">\n.flex_column.av-47saix-c6dd93944699c3093263150d71f61145{\nborder-radius:0px 0px 0px 0px;\npadding:0px 0px 0px 0px;\n}\n<\/style>\n<div  class='flex_column av-47saix-c6dd93944699c3093263150d71f61145 av_two_fifth  avia-builder-el-10  el_after_av_three_fifth  avia-builder-el-last  flex_column_div av-zero-column-padding  '     ><section  class='av_textblock_section av-b7f61-bee3f49e81ae4b3dd01dc6b993b53097 '   itemscope=\"itemscope\" itemtype=\"https:\/\/schema.org\/CreativeWork\" ><div class='avia_textblock'  itemprop=\"text\" ><p><strong>D\u00e8s 9 ans<br \/>\n<\/strong><\/p>\n<p><strong>Dur\u00e9e: <\/strong>1 heure<\/p>\n<p><strong>Participants:<\/strong> max. 20-25 \u00e9coliers<\/p>\n<p><strong>Co\u00fbts:<\/strong> CHF 80.- entr\u00e9e et mat\u00e9riel inclus<\/p>\n<\/div><\/section><\/div>\n","protected":false},"excerpt":{"rendered":"","protected":false},"author":4,"featured_media":0,"parent":1989,"menu_order":0,"comment_status":"open","ping_status":"open","template":"","meta":{"footnotes":""},"class_list":["post-2025","page","type-page","status-publish","hentry"],"_links":{"self":[{"href":"https:\/\/www.museummurten.ch\/fr\/wp-json\/wp\/v2\/pages\/2025","targetHints":{"allow":["GET"]}}],"collection":[{"href":"https:\/\/www.museummurten.ch\/fr\/wp-json\/wp\/v2\/pages"}],"about":[{"href":"https:\/\/www.museummurten.ch\/fr\/wp-json\/wp\/v2\/types\/page"}],"author":[{"embeddable":true,"href":"https:\/\/www.museummurten.ch\/fr\/wp-json\/wp\/v2\/users\/4"}],"replies":[{"embeddable":true,"href":"https:\/\/www.museummurten.ch\/fr\/wp-json\/wp\/v2\/comments?post=2025"}],"version-history":[{"count":4,"href":"https:\/\/www.museummurten.ch\/fr\/wp-json\/wp\/v2\/pages\/2025\/revisions"}],"predecessor-version":[{"id":9250,"href":"https:\/\/www.museummurten.ch\/fr\/wp-json\/wp\/v2\/pages\/2025\/revisions\/9250"}],"up":[{"embeddable":true,"href":"https:\/\/www.museummurten.ch\/fr\/wp-json\/wp\/v2\/pages\/1989"}],"wp:attachment":[{"href":"https:\/\/www.museummurten.ch\/fr\/wp-json\/wp\/v2\/media?parent=2025"}],"curies":[{"name":"wp","href":"https:\/\/api.w.org\/{rel}","templated":true}]}}

<style type="text/css" data-created_by="avia_inline_auto" id="style-css-av-k0s1nd-ae826cf32058a10018ca5e8a16a87aaa">
.avia-section.av-k0s1nd-ae826cf32058a10018ca5e8a16a87aaa{
background-repeat:no-repeat;
background-image:url(https://www.museummurten.ch/wp-content/uploads/2012/04/schmuck.jpg);
background-position:0% 50%;
background-attachment:scroll;
}
</style>
<div id='av_section_1'  class='avia-section av-k0s1nd-ae826cf32058a10018ca5e8a16a87aaa main_color avia-section-small avia-no-border-styling  avia-builder-el-0  el_before_av_heading  avia-builder-el-first  avia-full-stretch avia-bg-style-scroll av-minimum-height av-minimum-height-custom av-height-custom  container_wrap fullsize'  data-section-bg-repeat='stretch' data-av_minimum_height_px='300'><div class='container av-section-cont-open' style='height:300px'><main  role="main" itemprop="mainContentOfPage"  class='template-page content  av-content-full alpha units'><div class='post-entry post-entry-type-page post-entry-2025'><div class='entry-content-wrapper clearfix'></div></div></main><!-- close content main element --></div></div><div id='after_section_1'  class='main_color av_default_container_wrap container_wrap fullsize'  ><div class='container av-section-cont-open' ><div class='template-page content  av-content-full alpha units'><div class='post-entry post-entry-type-page post-entry-2025'><div class='entry-content-wrapper clearfix'>

<style type="text/css" data-created_by="avia_inline_auto" id="style-css-av-3kc109-dcd325d20b16d9f4acd6a597c84214da">
#top .av-special-heading.av-3kc109-dcd325d20b16d9f4acd6a597c84214da{
padding-bottom:20px;
}
body .av-special-heading.av-3kc109-dcd325d20b16d9f4acd6a597c84214da .av-special-heading-tag .heading-char{
font-size:25px;
}
.av-special-heading.av-3kc109-dcd325d20b16d9f4acd6a597c84214da .av-subheading{
font-size:15px;
}
</style>
<div  class='av-special-heading av-3kc109-dcd325d20b16d9f4acd6a597c84214da av-special-heading-h3 blockquote modern-quote  avia-builder-el-1  el_after_av_section  el_before_av_three_fifth  avia-builder-el-first '><h3 class='av-special-heading-tag '  itemprop="headline"  >Atelier 1 | Fabrication de bijoux préhistoriques</h3><div class="special-heading-border"><div class="special-heading-inner-border"></div></div></div>

<style type="text/css" data-created_by="avia_inline_auto" id="style-css-av-1t8q15-c66f231aabbd9120ae49268d5a86cdb5">
.flex_column.av-1t8q15-c66f231aabbd9120ae49268d5a86cdb5{
border-radius:0px 0px 0px 0px;
padding:0px 0px 0px 0px;
}
</style>
<div  class='flex_column av-1t8q15-c66f231aabbd9120ae49268d5a86cdb5 av_three_fifth  avia-builder-el-2  el_after_av_heading  el_before_av_two_fifth  first flex_column_div av-zero-column-padding  '     ><section  class='av_textblock_section av-fc589l-1c379b0c90d93ea32217226e9210169d '   itemscope="itemscope" itemtype="https://schema.org/CreativeWork" ><div class='avia_textblock'  itemprop="text" ><p>L’être humain a ressenti depuis la nuit des temps le besoin de se parer de bijoux. Les pendentifs conçus en différents matériaux étaient très appréciés.</p>
<p>Dans cet atelier, les enfants peuvent élaborer leur propre bijou en bois ou en coquillage et tresser eux-mêmes la ficelle devant porter le pendentif.</p>
</div></section></div>

<style type="text/css" data-created_by="avia_inline_auto" id="style-css-av-1hjrpl-219a0b87503e388ec64170d683dfdf62">
.flex_column.av-1hjrpl-219a0b87503e388ec64170d683dfdf62{
border-radius:0px 0px 0px 0px;
padding:0px 0px 0px 0px;
}
</style>
<div  class='flex_column av-1hjrpl-219a0b87503e388ec64170d683dfdf62 av_two_fifth  avia-builder-el-4  el_after_av_three_fifth  el_before_av_section  avia-builder-el-last  flex_column_div av-zero-column-padding  '     ><section  class='av_textblock_section av-d2qf09-9de04344e2ca938da2e572e105d43ee8 '   itemscope="itemscope" itemtype="https://schema.org/CreativeWork" ><div class='avia_textblock'  itemprop="text" ><p><strong>Dès 8 ans<br />
</strong></p>
<p><strong>Durée</strong>:  1,5 &#8211; 2  heures</p>
<p><strong>Participants:</strong> max. 20 &#8211; 25 élèves</p>
<p><strong>Coûts:</strong> CHF 120.- entrée et matériel inclus</p>
</div></section></div>
</div></div></div><!-- close content main div --></div></div>
<style type="text/css" data-created_by="avia_inline_auto" id="style-css-av-3x2q1-b5034b3d76f89ebdf6d0d10662dcb571">
.avia-section.av-3x2q1-b5034b3d76f89ebdf6d0d10662dcb571{
background-repeat:no-repeat;
background-image:url(https://www.museummurten.ch/wp-content/uploads/2012/04/romer.jpg);
background-position:0% 50%;
background-attachment:scroll;
}
</style>
<div id='av_section_2'  class='avia-section av-3x2q1-b5034b3d76f89ebdf6d0d10662dcb571 main_color avia-section-small avia-no-border-styling  avia-builder-el-6  el_after_av_two_fifth  el_before_av_heading  avia-full-stretch avia-bg-style-scroll av-minimum-height av-minimum-height-custom av-height-custom  container_wrap fullsize'  data-section-bg-repeat='stretch' data-av_minimum_height_px='300'><div class='container av-section-cont-open' style='height:300px'><div class='template-page content  av-content-full alpha units'><div class='post-entry post-entry-type-page post-entry-2025'><div class='entry-content-wrapper clearfix'></div></div></div><!-- close content main div --></div></div><div id='after_section_2'  class='main_color av_default_container_wrap container_wrap fullsize'  ><div class='container av-section-cont-open' ><div class='template-page content  av-content-full alpha units'><div class='post-entry post-entry-type-page post-entry-2025'><div class='entry-content-wrapper clearfix'>

<style type="text/css" data-created_by="avia_inline_auto" id="style-css-av-2q97ix-1fcab061d82fb94ee3b04d6db8f8b972">
#top .av-special-heading.av-2q97ix-1fcab061d82fb94ee3b04d6db8f8b972{
padding-bottom:20px;
}
body .av-special-heading.av-2q97ix-1fcab061d82fb94ee3b04d6db8f8b972 .av-special-heading-tag .heading-char{
font-size:25px;
}
.av-special-heading.av-2q97ix-1fcab061d82fb94ee3b04d6db8f8b972 .av-subheading{
font-size:13px;
}
</style>
<div  class='av-special-heading av-2q97ix-1fcab061d82fb94ee3b04d6db8f8b972 av-special-heading-h3 blockquote modern-quote  avia-builder-el-7  el_after_av_section  el_before_av_three_fifth  avia-builder-el-first '><h3 class='av-special-heading-tag '  itemprop="headline"  >Atelier 2 | Chronologie – De l’âge de la pierre aux Romains</h3><div class="special-heading-border"><div class="special-heading-inner-border"></div></div></div>

<style type="text/css" data-created_by="avia_inline_auto" id="style-css-av-6xe3ft-d644d9966bfef132c3406be923dcf74a">
.flex_column.av-6xe3ft-d644d9966bfef132c3406be923dcf74a{
border-radius:0px 0px 0px 0px;
padding:0px 0px 0px 0px;
}
</style>
<div  class='flex_column av-6xe3ft-d644d9966bfef132c3406be923dcf74a av_three_fifth  avia-builder-el-8  el_after_av_heading  el_before_av_two_fifth  first flex_column_div av-zero-column-padding  '     ><section  class='av_textblock_section av-jx7gp-a73750cb01ebb9f85df2f892a28ab57c '   itemscope="itemscope" itemtype="https://schema.org/CreativeWork" ><div class='avia_textblock'  itemprop="text" ><p>Dans cet atelier, les enfants peuvent avoir en mains des objets originaux provenant de fouilles ainsi que des copies. Outre la perception sensorielle d’objets et de matériaux, ils découvrent les techniques de l’artisanat et leur développement à travers les siècles.</p>
<p>Les enfants rangent dans l’ordre chronologique les objets et se familiariseront ainsi aux périodes courantes de l’archéologie.</p>
</div></section></div>

<style type="text/css" data-created_by="avia_inline_auto" id="style-css-av-47saix-c6dd93944699c3093263150d71f61145">
.flex_column.av-47saix-c6dd93944699c3093263150d71f61145{
border-radius:0px 0px 0px 0px;
padding:0px 0px 0px 0px;
}
</style>
<div  class='flex_column av-47saix-c6dd93944699c3093263150d71f61145 av_two_fifth  avia-builder-el-10  el_after_av_three_fifth  avia-builder-el-last  flex_column_div av-zero-column-padding  '     ><section  class='av_textblock_section av-b7f61-bee3f49e81ae4b3dd01dc6b993b53097 '   itemscope="itemscope" itemtype="https://schema.org/CreativeWork" ><div class='avia_textblock'  itemprop="text" ><p><strong>Dès 9 ans<br />
</strong></p>
<p><strong>Durée: </strong>1 heure</p>
<p><strong>Participants:</strong> max. 20-25 écoliers</p>
<p><strong>Coûts:</strong> CHF 80.- entrée et matériel inclus</p>
</div></section></div>
