{"id":2034,"date":"2015-11-09T09:27:54","date_gmt":"2015-11-09T08:27:54","guid":{"rendered":"http:\/\/www.museummurten\/sequences-pedagogiques\/"},"modified":"2022-05-04T21:55:08","modified_gmt":"2022-05-04T20:55:08","slug":"sequences-pedagogiques","status":"publish","type":"page","link":"https:\/\/www.museummurten.ch\/fr\/offres\/sequences-pedagogiques\/","title":{"rendered":"S\u00e9quences p\u00e9dagogiques"},"content":{"rendered":"\n<style type=\"text\/css\" data-created_by=\"avia_inline_auto\" id=\"style-css-av-es0zqq-15b7ff9258574a038654109dca2beb6f\">\n.avia-section.av-es0zqq-15b7ff9258574a038654109dca2beb6f{\nbackground-repeat:no-repeat;\nbackground-image:url(https:\/\/www.museummurten.ch\/wp-content\/uploads\/2016\/06\/mm13.jpg);\nbackground-position:0% 0%;\nbackground-attachment:scroll;\n}\n<\/style>\n<div id='av_section_1'  class='avia-section av-es0zqq-15b7ff9258574a038654109dca2beb6f main_color avia-section-small avia-no-border-styling  avia-builder-el-0  el_before_av_heading  avia-builder-el-first  avia-full-stretch avia-bg-style-scroll av-minimum-height av-minimum-height-custom av-height-custom  container_wrap fullsize'  data-section-bg-repeat='stretch' data-av_minimum_height_px='300'><div class='container av-section-cont-open' style='height:300px'><main  role=\"main\" itemprop=\"mainContentOfPage\"  class='template-page content  av-content-full alpha units'><div class='post-entry post-entry-type-page post-entry-2034'><div class='entry-content-wrapper clearfix'><\/div><\/div><\/main><!-- close content main element --><\/div><\/div><div id='after_section_1'  class='main_color av_default_container_wrap container_wrap fullsize'  ><div class='container av-section-cont-open' ><div class='template-page content  av-content-full alpha units'><div class='post-entry post-entry-type-page post-entry-2034'><div class='entry-content-wrapper clearfix'>\n\n<style type=\"text\/css\" data-created_by=\"avia_inline_auto\" id=\"style-css-av-av_heading-9e173a5b007bfb8bfac143df3627932a\">\n#top .av-special-heading.av-av_heading-9e173a5b007bfb8bfac143df3627932a{\npadding-bottom:20px;\n}\nbody .av-special-heading.av-av_heading-9e173a5b007bfb8bfac143df3627932a .av-special-heading-tag .heading-char{\nfont-size:25px;\n}\n.av-special-heading.av-av_heading-9e173a5b007bfb8bfac143df3627932a .av-subheading{\nfont-size:15px;\n}\n<\/style>\n<div  class='av-special-heading av-av_heading-9e173a5b007bfb8bfac143df3627932a av-special-heading-h3 blockquote modern-quote  avia-builder-el-1  el_after_av_section  el_before_av_two_third  avia-builder-el-first '><h3 class='av-special-heading-tag '  itemprop=\"headline\"  >Enqu\u00eates au mus\u00e9e<\/h3><div class=\"special-heading-border\"><div class=\"special-heading-inner-border\"><\/div><\/div><\/div>\n\n<style type=\"text\/css\" data-created_by=\"avia_inline_auto\" id=\"style-css-av-anwzky-ca0d7238f8f21466a4ed0476dd5736b2\">\n.flex_column.av-anwzky-ca0d7238f8f21466a4ed0476dd5736b2{\nborder-radius:0px 0px 0px 0px;\npadding:0px 0px 0px 0px;\n}\n<\/style>\n<div  class='flex_column av-anwzky-ca0d7238f8f21466a4ed0476dd5736b2 av_two_third  avia-builder-el-2  el_after_av_heading  el_before_av_one_third  first flex_column_div av-zero-column-padding  '     ><section  class='av_textblock_section av-9uxtki-4112920bf75cc403e5695a69b4d04856 '   itemscope=\"itemscope\" itemtype=\"https:\/\/schema.org\/CreativeWork\" ><div class='avia_textblock'  itemprop=\"text\" ><p>La Haute Ecole p\u00e9dagogique de Fribourg et le Mus\u00e9e de Morat ont travaill\u00e9 ensemble dans le but d\u2019\u00e9laborer de nouvelles activit\u00e9s p\u00e9dagogiques destin\u00e9es aux classes d\u2019\u00e9coles primaires (cycles 1 et cycles 2).<\/p>\n<p>Ces nouvelles activit\u00e9s ont \u00e9t\u00e9 d\u00e9velopp\u00e9es par une \u00e9quipe comprenant des professeurs de la HEP, des enseigant-e-s primaires ainsi que le mus\u00e9e de Morat. Les nouvelles activit\u00e9s abordent de nombreuses notions se trouvant dans les programmes d\u2019enseignement des Sciences humaines et sociales destin\u00e9s aux classes des cycles 1 et cycles 2.<\/p>\n<\/div><\/section><\/div>\n\n<style type=\"text\/css\" data-created_by=\"avia_inline_auto\" id=\"style-css-av-89525u-2bfa113a021d71821dbad6c2dbb4bfe7\">\n.flex_column.av-89525u-2bfa113a021d71821dbad6c2dbb4bfe7{\nborder-radius:0px 0px 0px 0px;\npadding:0px 0px 0px 0px;\n}\n<\/style>\n<div  class='flex_column av-89525u-2bfa113a021d71821dbad6c2dbb4bfe7 av_one_third  avia-builder-el-4  el_after_av_two_third  el_before_av_one_half  flex_column_div av-zero-column-padding  '     ><section  class='av_textblock_section av-57fasy-69c8a30e9c62094127a4ac22f4452019 '   itemscope=\"itemscope\" itemtype=\"https:\/\/schema.org\/CreativeWork\" ><div class='avia_textblock'  itemprop=\"text\" ><p>Des activit\u00e9s artistiques en lien avec le contenu du mus\u00e9e peuvent \u00eatre r\u00e9alis\u00e9es en classe et \u00e9toffent l\u2019offre.<\/p>\n<p>Pour plus d\u2019informations\u00a0: <a href=\"https:\/\/res.friportail.ch\/museemorat\/fr\">https:\/\/res.friportail.ch\/museemorat\/fr<\/a><\/p>\n<\/div><\/section><\/div>\n<style type=\"text\/css\" data-created_by=\"avia_inline_auto\" id=\"style-css-av-4vpx1u-ab5294e07ce39116eaae41dbff20dc8c\">\n.flex_column.av-4vpx1u-ab5294e07ce39116eaae41dbff20dc8c{\nborder-radius:0px 0px 0px 0px;\npadding:0px 0px 0px 0px;\n}\n<\/style>\n<div  class='flex_column av-4vpx1u-ab5294e07ce39116eaae41dbff20dc8c av_one_half  avia-builder-el-6  el_after_av_one_third  el_before_av_one_half  first flex_column_div av-zero-column-padding  column-top-margin'     ><article  class='iconbox iconbox_top av-jv6bua0o-7d834de311a96a5a30a340235c4e4a9e  avia-builder-el-7  avia-builder-el-no-sibling  main_color'  itemscope=\"itemscope\" itemtype=\"https:\/\/schema.org\/CreativeWork\" ><div class=\"iconbox_content\"><header class=\"entry-content-header\" aria-label=\"Ic\u00f4ne : Cycle 1\"><div class='iconbox_icon heading-color avia-iconfont avia-font-entypo-fontello' data-av_icon='\ue837' data-av_iconfont='entypo-fontello'  ><\/div><h3 class='iconbox_content_title '  itemprop=\"headline\" >Cycle 1<\/h3><\/header><div class='iconbox_content_container '  itemprop=\"text\" ><p>L\u2019activit\u00e9 mise en place pour les classes des cycles 1 propose entre autres, aux \u00e9l\u00e8ves, de se questionner sur l\u2019\u00e9volution des objets de notre quotidien et sur les modes de vie li\u00e9s \u00e0 diff\u00e9rentes \u00e9poques.<\/p>\n<p>(CHF 5.- par \u00e9l\u00e8ve)<\/p>\n<\/div><\/div><footer class=\"entry-footer\"><\/footer><\/article><\/div><\/p>\n\n<style type=\"text\/css\" data-created_by=\"avia_inline_auto\" id=\"style-css-av-386cua-f391ea08795976468571ffaf4ca0065d\">\n.flex_column.av-386cua-f391ea08795976468571ffaf4ca0065d{\nborder-radius:0px 0px 0px 0px;\npadding:0px 0px 0px 0px;\n}\n<\/style>\n<div  class='flex_column av-386cua-f391ea08795976468571ffaf4ca0065d av_one_half  avia-builder-el-8  el_after_av_one_half  avia-builder-el-last  flex_column_div av-zero-column-padding  column-top-margin'     ><article  class='iconbox iconbox_top av-jv6bugn0-4eff41a03a8ef1c833fee196b1cf2b53  avia-builder-el-9  avia-builder-el-no-sibling  main_color'  itemscope=\"itemscope\" itemtype=\"https:\/\/schema.org\/CreativeWork\" ><div class=\"iconbox_content\"><header class=\"entry-content-header\" aria-label=\"Ic\u00f4ne : Cycle 2\"><div class='iconbox_icon heading-color avia-iconfont avia-font-entypo-fontello' data-av_icon='\ue837' data-av_iconfont='entypo-fontello'  ><\/div><h3 class='iconbox_content_title '  itemprop=\"headline\" >Cycle 2<\/h3><\/header><div class='iconbox_content_container '  itemprop=\"text\" ><p>L\u2019activit\u00e9 des cycles 2 plongent quant \u00e0 elle, les classes, \u00e0 l\u2019\u00e9poque de la bataille de Morat. Elle engage les \u00e9l\u00e8ves dans une d\u00e9marche historienne en les poussant \u00e0 questionner des objets du pass\u00e9 et \u00e0 se questionner. Elle touche aussi \u00e0 la dimension \u00e9thique des interpr\u00e9tations historiques.<\/p>\n<p>(CHF 5.- par \u00e9l\u00e8ve)<\/p>\n<\/div><\/div><footer class=\"entry-footer\"><\/footer><\/article><\/div>\n","protected":false},"excerpt":{"rendered":"","protected":false},"author":2,"featured_media":0,"parent":1989,"menu_order":2,"comment_status":"open","ping_status":"open","template":"","meta":{"footnotes":""},"class_list":["post-2034","page","type-page","status-publish","hentry"],"_links":{"self":[{"href":"https:\/\/www.museummurten.ch\/fr\/wp-json\/wp\/v2\/pages\/2034","targetHints":{"allow":["GET"]}}],"collection":[{"href":"https:\/\/www.museummurten.ch\/fr\/wp-json\/wp\/v2\/pages"}],"about":[{"href":"https:\/\/www.museummurten.ch\/fr\/wp-json\/wp\/v2\/types\/page"}],"author":[{"embeddable":true,"href":"https:\/\/www.museummurten.ch\/fr\/wp-json\/wp\/v2\/users\/2"}],"replies":[{"embeddable":true,"href":"https:\/\/www.museummurten.ch\/fr\/wp-json\/wp\/v2\/comments?post=2034"}],"version-history":[{"count":3,"href":"https:\/\/www.museummurten.ch\/fr\/wp-json\/wp\/v2\/pages\/2034\/revisions"}],"predecessor-version":[{"id":7800,"href":"https:\/\/www.museummurten.ch\/fr\/wp-json\/wp\/v2\/pages\/2034\/revisions\/7800"}],"up":[{"embeddable":true,"href":"https:\/\/www.museummurten.ch\/fr\/wp-json\/wp\/v2\/pages\/1989"}],"wp:attachment":[{"href":"https:\/\/www.museummurten.ch\/fr\/wp-json\/wp\/v2\/media?parent=2034"}],"curies":[{"name":"wp","href":"https:\/\/api.w.org\/{rel}","templated":true}]}}

Séquences pédagogiques

<style type="text/css" data-created_by="avia_inline_auto" id="style-css-av-es0zqq-15b7ff9258574a038654109dca2beb6f">
.avia-section.av-es0zqq-15b7ff9258574a038654109dca2beb6f{
background-repeat:no-repeat;
background-image:url(https://www.museummurten.ch/wp-content/uploads/2016/06/mm13.jpg);
background-position:0% 0%;
background-attachment:scroll;
}
</style>
<div id='av_section_1'  class='avia-section av-es0zqq-15b7ff9258574a038654109dca2beb6f main_color avia-section-small avia-no-border-styling  avia-builder-el-0  el_before_av_heading  avia-builder-el-first  avia-full-stretch avia-bg-style-scroll av-minimum-height av-minimum-height-custom av-height-custom  container_wrap fullsize'  data-section-bg-repeat='stretch' data-av_minimum_height_px='300'><div class='container av-section-cont-open' style='height:300px'><main  role="main" itemprop="mainContentOfPage"  class='template-page content  av-content-full alpha units'><div class='post-entry post-entry-type-page post-entry-2034'><div class='entry-content-wrapper clearfix'></div></div></main><!-- close content main element --></div></div><div id='after_section_1'  class='main_color av_default_container_wrap container_wrap fullsize'  ><div class='container av-section-cont-open' ><div class='template-page content  av-content-full alpha units'><div class='post-entry post-entry-type-page post-entry-2034'><div class='entry-content-wrapper clearfix'>

<style type="text/css" data-created_by="avia_inline_auto" id="style-css-av-av_heading-9e173a5b007bfb8bfac143df3627932a">
#top .av-special-heading.av-av_heading-9e173a5b007bfb8bfac143df3627932a{
padding-bottom:20px;
}
body .av-special-heading.av-av_heading-9e173a5b007bfb8bfac143df3627932a .av-special-heading-tag .heading-char{
font-size:25px;
}
.av-special-heading.av-av_heading-9e173a5b007bfb8bfac143df3627932a .av-subheading{
font-size:15px;
}
</style>
<div  class='av-special-heading av-av_heading-9e173a5b007bfb8bfac143df3627932a av-special-heading-h3 blockquote modern-quote  avia-builder-el-1  el_after_av_section  el_before_av_two_third  avia-builder-el-first '><h3 class='av-special-heading-tag '  itemprop="headline"  >Enquêtes au musée</h3><div class="special-heading-border"><div class="special-heading-inner-border"></div></div></div>

<style type="text/css" data-created_by="avia_inline_auto" id="style-css-av-anwzky-ca0d7238f8f21466a4ed0476dd5736b2">
.flex_column.av-anwzky-ca0d7238f8f21466a4ed0476dd5736b2{
border-radius:0px 0px 0px 0px;
padding:0px 0px 0px 0px;
}
</style>
<div  class='flex_column av-anwzky-ca0d7238f8f21466a4ed0476dd5736b2 av_two_third  avia-builder-el-2  el_after_av_heading  el_before_av_one_third  first flex_column_div av-zero-column-padding  '     ><section  class='av_textblock_section av-9uxtki-4112920bf75cc403e5695a69b4d04856 '   itemscope="itemscope" itemtype="https://schema.org/CreativeWork" ><div class='avia_textblock'  itemprop="text" ><p>La Haute Ecole pédagogique de Fribourg et le Musée de Morat ont travaillé ensemble dans le but d’élaborer de nouvelles activités pédagogiques destinées aux classes d’écoles primaires (cycles 1 et cycles 2).</p>
<p>Ces nouvelles activités ont été développées par une équipe comprenant des professeurs de la HEP, des enseigant-e-s primaires ainsi que le musée de Morat. Les nouvelles activités abordent de nombreuses notions se trouvant dans les programmes d’enseignement des Sciences humaines et sociales destinés aux classes des cycles 1 et cycles 2.</p>
</div></section></div>

<style type="text/css" data-created_by="avia_inline_auto" id="style-css-av-89525u-2bfa113a021d71821dbad6c2dbb4bfe7">
.flex_column.av-89525u-2bfa113a021d71821dbad6c2dbb4bfe7{
border-radius:0px 0px 0px 0px;
padding:0px 0px 0px 0px;
}
</style>
<div  class='flex_column av-89525u-2bfa113a021d71821dbad6c2dbb4bfe7 av_one_third  avia-builder-el-4  el_after_av_two_third  el_before_av_one_half  flex_column_div av-zero-column-padding  '     ><section  class='av_textblock_section av-57fasy-69c8a30e9c62094127a4ac22f4452019 '   itemscope="itemscope" itemtype="https://schema.org/CreativeWork" ><div class='avia_textblock'  itemprop="text" ><p>Des activités artistiques en lien avec le contenu du musée peuvent être réalisées en classe et étoffent l’offre.</p>
<p>Pour plus d’informations : <a href="https://res.friportail.ch/museemorat/fr">https://res.friportail.ch/museemorat/fr</a></p>
</div></section></div>
<style type="text/css" data-created_by="avia_inline_auto" id="style-css-av-4vpx1u-ab5294e07ce39116eaae41dbff20dc8c">
.flex_column.av-4vpx1u-ab5294e07ce39116eaae41dbff20dc8c{
border-radius:0px 0px 0px 0px;
padding:0px 0px 0px 0px;
}
</style>
<div  class='flex_column av-4vpx1u-ab5294e07ce39116eaae41dbff20dc8c av_one_half  avia-builder-el-6  el_after_av_one_third  el_before_av_one_half  first flex_column_div av-zero-column-padding  column-top-margin'     ><article  class='iconbox iconbox_top av-jv6bua0o-7d834de311a96a5a30a340235c4e4a9e  avia-builder-el-7  avia-builder-el-no-sibling  main_color'  itemscope="itemscope" itemtype="https://schema.org/CreativeWork" ><div class="iconbox_content"><header class="entry-content-header" aria-label="Icône : Cycle 1"><div class='iconbox_icon heading-color avia-iconfont avia-font-entypo-fontello' data-av_icon='' data-av_iconfont='entypo-fontello'  ></div><h3 class='iconbox_content_title '  itemprop="headline" >Cycle 1</h3></header><div class='iconbox_content_container '  itemprop="text" ><p>L’activité mise en place pour les classes des cycles 1 propose entre autres, aux élèves, de se questionner sur l’évolution des objets de notre quotidien et sur les modes de vie liés à différentes époques.</p>
<p>(CHF 5.- par élève)</p>
</div></div><footer class="entry-footer"></footer></article></div></p>

<style type="text/css" data-created_by="avia_inline_auto" id="style-css-av-386cua-f391ea08795976468571ffaf4ca0065d">
.flex_column.av-386cua-f391ea08795976468571ffaf4ca0065d{
border-radius:0px 0px 0px 0px;
padding:0px 0px 0px 0px;
}
</style>
<div  class='flex_column av-386cua-f391ea08795976468571ffaf4ca0065d av_one_half  avia-builder-el-8  el_after_av_one_half  avia-builder-el-last  flex_column_div av-zero-column-padding  column-top-margin'     ><article  class='iconbox iconbox_top av-jv6bugn0-4eff41a03a8ef1c833fee196b1cf2b53  avia-builder-el-9  avia-builder-el-no-sibling  main_color'  itemscope="itemscope" itemtype="https://schema.org/CreativeWork" ><div class="iconbox_content"><header class="entry-content-header" aria-label="Icône : Cycle 2"><div class='iconbox_icon heading-color avia-iconfont avia-font-entypo-fontello' data-av_icon='' data-av_iconfont='entypo-fontello'  ></div><h3 class='iconbox_content_title '  itemprop="headline" >Cycle 2</h3></header><div class='iconbox_content_container '  itemprop="text" ><p>L’activité des cycles 2 plongent quant à elle, les classes, à l’époque de la bataille de Morat. Elle engage les élèves dans une démarche historienne en les poussant à questionner des objets du passé et à se questionner. Elle touche aussi à la dimension éthique des interprétations historiques.</p>
<p>(CHF 5.- par élève)</p>
</div></div><footer class="entry-footer"></footer></article></div>
