{"id":2594,"date":"2016-03-04T16:51:38","date_gmt":"2016-03-04T15:51:38","guid":{"rendered":"http:\/\/www.museummurten\/fr\/vortraege-und-lesungen\/"},"modified":"2016-06-22T15:33:05","modified_gmt":"2016-06-22T14:33:05","slug":"conferences-et-lectures","status":"publish","type":"page","link":"https:\/\/www.museummurten.ch\/fr\/conferences-et-lectures\/","title":{"rendered":"Conf\u00e9rences et lectures"},"content":{"rendered":"\n<style type=\"text\/css\" data-created_by=\"avia_inline_auto\" id=\"style-css-av-av_section-ec436468a549170c0f095fa66e114898\">\n.avia-section.av-av_section-ec436468a549170c0f095fa66e114898{\nbackground-repeat:no-repeat;\nbackground-image:url(https:\/\/www.museummurten.ch\/wp-content\/uploads\/2016\/06\/mm07.jpg);\nbackground-position:0% 50%;\nbackground-attachment:scroll;\n}\n<\/style>\n<div id='av_section_1'  class='avia-section av-av_section-ec436468a549170c0f095fa66e114898 main_color avia-section-small avia-no-border-styling  avia-builder-el-0  el_before_av_blog  avia-builder-el-first  avia-full-stretch avia-bg-style-scroll av-minimum-height av-minimum-height-custom av-height-custom  container_wrap fullsize'  data-section-bg-repeat='stretch' data-av_minimum_height_px='300'><div class='container av-section-cont-open' style='height:300px'><main  role=\"main\" itemprop=\"mainContentOfPage\"  class='template-page content  av-content-full alpha units'><div class='post-entry post-entry-type-page post-entry-2594'><div class='entry-content-wrapper clearfix'><\/div><\/div><\/main><!-- close content main element --><\/div><\/div><div id='after_section_1'  class='main_color av_default_container_wrap container_wrap fullsize'  ><div class='container av-section-cont-open' ><div class='template-page content  av-content-full alpha units'><div class='post-entry post-entry-type-page post-entry-2594'><div class='entry-content-wrapper clearfix'>\n<div  class='av-alb-blogposts template-blog  av-blog-meta-author-disabled av-blog-meta-comments-disabled av-blog-meta-category-disabled av-blog-meta-date-disabled av-blog-meta-html-info-disabled av-blog-meta-tag-disabled '  itemscope=\"itemscope\" itemtype=\"https:\/\/schema.org\/Blog\" ><article class=\"post-entry post-entry-type-standard post-entry-2081 post-loop-1 post-parity-odd post-entry-last single-small with-slider post-2081 post type-post status-publish format-standard has-post-thumbnail hentry category-conferences-lectures\"  itemscope=\"itemscope\" itemtype=\"https:\/\/schema.org\/BlogPosting\" ><div class=\"blog-meta\"><a href='https:\/\/www.museummurten.ch\/fr\/2012\/04\/conferences-et-lectures-2\/' class='small-preview'  title=\"7385voltaireweb\"   itemprop=\"image\" itemscope=\"itemscope\" itemtype=\"https:\/\/schema.org\/ImageObject\" ><img decoding=\"async\" loading=\"lazy\" width=\"180\" height=\"180\" src=\"https:\/\/www.museummurten.ch\/wp-content\/uploads\/2018\/07\/7385voltaireweb-180x180.jpg\" class=\"wp-image-6902 avia-img-lazy-loading-6902 attachment-square size-square wp-post-image\" alt=\"\" srcset=\"https:\/\/www.museummurten.ch\/wp-content\/uploads\/2018\/07\/7385voltaireweb-180x180.jpg 180w, https:\/\/www.museummurten.ch\/wp-content\/uploads\/2018\/07\/7385voltaireweb-80x80.jpg 80w, https:\/\/www.museummurten.ch\/wp-content\/uploads\/2018\/07\/7385voltaireweb-36x36.jpg 36w, https:\/\/www.museummurten.ch\/wp-content\/uploads\/2018\/07\/7385voltaireweb-120x120.jpg 120w, https:\/\/www.museummurten.ch\/wp-content\/uploads\/2018\/07\/7385voltaireweb-450x450.jpg 450w\" sizes=\"auto, (max-width: 180px) 100vw, 180px\" \/><span class='iconfont avia-svg-icon avia-font-svg_entypo-fontello' data-av_svg_icon='pencil' data-av_iconset='svg_entypo-fontello' ><svg version=\"1.1\" xmlns=\"http:\/\/www.w3.org\/2000\/svg\" width=\"25\" height=\"32\" viewBox=\"0 0 25 32\" preserveAspectRatio=\"xMidYMid meet\" role=\"graphics-symbol\" aria-hidden=\"true\">\n<path d=\"M22.976 5.44q1.024 1.024 1.504 2.048t0.48 1.536v0.512l-8.064 8.064-9.28 9.216-7.616 1.664 1.6-7.68 9.28-9.216 8.064-8.064q1.728-0.384 4.032 1.92zM7.168 25.92l0.768-0.768q-0.064-1.408-1.664-3.008-0.704-0.704-1.44-1.12t-1.12-0.416l-0.448-0.064-0.704 0.768-0.576 2.56q0.896 0.512 1.472 1.088 0.768 0.768 1.152 1.536z\"><\/path>\n<\/svg><\/span><\/a><\/div><div class='entry-content-wrapper clearfix standard-content'><header class=\"entry-content-header\" aria-label=\"Articles : Conf\u00e9rences et lectures\"><h2 class='post-title entry-title '  itemprop=\"headline\" ><a href=\"https:\/\/www.museummurten.ch\/fr\/2012\/04\/conferences-et-lectures-2\/\" rel=\"bookmark\" title=\"Lien permanent : Conf\u00e9rences et lectures\">Conf\u00e9rences et lectures<span class=\"post-format-icon minor-meta\"><\/span><\/a><\/h2><span class=\"post-meta-infos\"><\/span><\/header><div class=\"entry-content\"  itemprop=\"text\" ><p><em>Caf\u00e9s scientifiques et conf\u00e9rences<\/em><\/p>\n<p>31.5.2026, 10h30-11h30 : M\u00e9moire en vitrine, savoir en classe : penser la bataille de Morat aujourd\u2019hui, en fran\u00e7ais. Mod\u00e9ration : Denis Decrausaz. Intervenants : Telmo Berner Bastos, Lo\u00efc Chollet, Alain-Jacques Tornare.<\/p>\n<p>9.6.2026, d\u00e8s 19h30 : Murten 1476-2026, Altvertrautes, neu gesehen, auf Deutsch, Claudius Sieber-Lehmann.<\/p>\n<p>29.9.2026, 18h30-19h30 : Podiumsgespr\u00e4ch \u00fcber lebendige Traditionen als Ankn\u00fcpfung an den Murtenlauf, auf Deutsch.<\/p>\n<\/div><footer class=\"entry-footer\"><\/footer><div class='post_delimiter'><\/div><\/div><div class=\"post_author_timeline\"><\/div><span class='hidden'>\n\t\t\t\t<span class='av-structured-data'  itemprop=\"image\" itemscope=\"itemscope\" itemtype=\"https:\/\/schema.org\/ImageObject\" >\n\t\t\t\t\t\t<span itemprop='url'>https:\/\/www.museummurten.ch\/wp-content\/uploads\/2018\/07\/7385voltaireweb.jpg<\/span>\n\t\t\t\t\t\t<span itemprop='height'>803<\/span>\n\t\t\t\t\t\t<span itemprop='width'>515<\/span>\n\t\t\t\t<\/span>\n\t\t\t\t<span class='av-structured-data'  itemprop=\"publisher\" itemtype=\"https:\/\/schema.org\/Organization\" itemscope=\"itemscope\" >\n\t\t\t\t\t\t<span itemprop='name'>museum murten<\/span>\n\t\t\t\t\t\t<span itemprop='logo' itemscope itemtype='https:\/\/schema.org\/ImageObject'>\n\t\t\t\t\t\t\t<span itemprop='url'>http:\/\/\/www.museummurten.ch\/wp-content\/uploads\/2016\/03\/logo-mm-white.png<\/span>\n\t\t\t\t\t\t<\/span>\n\t\t\t\t<\/span><span class='av-structured-data'  itemprop=\"author\" itemscope=\"itemscope\" itemtype=\"https:\/\/schema.org\/Person\" ><span itemprop='name'>museum murten<\/span><\/span><span class='av-structured-data'  itemprop=\"datePublished\" datetime=\"2012-04-06T09:42:56+01:00\" >2012-04-06 09:42:56<\/span><span class='av-structured-data'  itemprop=\"dateModified\" itemtype=\"https:\/\/schema.org\/dateModified\" >2026-02-22 16:09:32<\/span><span class='av-structured-data'  itemprop=\"mainEntityOfPage\" itemtype=\"https:\/\/schema.org\/mainEntityOfPage\" ><span itemprop='name'>Conf\u00e9rences et lectures<\/span><\/span><\/span><\/article><\/div>\n","protected":false},"excerpt":{"rendered":"","protected":false},"author":2,"featured_media":0,"parent":0,"menu_order":0,"comment_status":"closed","ping_status":"closed","template":"","meta":{"footnotes":""},"class_list":["post-2594","page","type-page","status-publish","hentry"],"_links":{"self":[{"href":"https:\/\/www.museummurten.ch\/fr\/wp-json\/wp\/v2\/pages\/2594","targetHints":{"allow":["GET"]}}],"collection":[{"href":"https:\/\/www.museummurten.ch\/fr\/wp-json\/wp\/v2\/pages"}],"about":[{"href":"https:\/\/www.museummurten.ch\/fr\/wp-json\/wp\/v2\/types\/page"}],"author":[{"embeddable":true,"href":"https:\/\/www.museummurten.ch\/fr\/wp-json\/wp\/v2\/users\/2"}],"replies":[{"embeddable":true,"href":"https:\/\/www.museummurten.ch\/fr\/wp-json\/wp\/v2\/comments?post=2594"}],"version-history":[{"count":1,"href":"https:\/\/www.museummurten.ch\/fr\/wp-json\/wp\/v2\/pages\/2594\/revisions"}],"predecessor-version":[{"id":4642,"href":"https:\/\/www.museummurten.ch\/fr\/wp-json\/wp\/v2\/pages\/2594\/revisions\/4642"}],"wp:attachment":[{"href":"https:\/\/www.museummurten.ch\/fr\/wp-json\/wp\/v2\/media?parent=2594"}],"curies":[{"name":"wp","href":"https:\/\/api.w.org\/{rel}","templated":true}]}}

Conférences et lectures

<style type="text/css" data-created_by="avia_inline_auto" id="style-css-av-av_section-ec436468a549170c0f095fa66e114898">
.avia-section.av-av_section-ec436468a549170c0f095fa66e114898{
background-repeat:no-repeat;
background-image:url(https://www.museummurten.ch/wp-content/uploads/2016/06/mm07.jpg);
background-position:0% 50%;
background-attachment:scroll;
}
</style>
<div id='av_section_1'  class='avia-section av-av_section-ec436468a549170c0f095fa66e114898 main_color avia-section-small avia-no-border-styling  avia-builder-el-0  el_before_av_blog  avia-builder-el-first  avia-full-stretch avia-bg-style-scroll av-minimum-height av-minimum-height-custom av-height-custom  container_wrap fullsize'  data-section-bg-repeat='stretch' data-av_minimum_height_px='300'><div class='container av-section-cont-open' style='height:300px'><main  role="main" itemprop="mainContentOfPage"  class='template-page content  av-content-full alpha units'><div class='post-entry post-entry-type-page post-entry-2594'><div class='entry-content-wrapper clearfix'></div></div></main><!-- close content main element --></div></div><div id='after_section_1'  class='main_color av_default_container_wrap container_wrap fullsize'  ><div class='container av-section-cont-open' ><div class='template-page content  av-content-full alpha units'><div class='post-entry post-entry-type-page post-entry-2594'><div class='entry-content-wrapper clearfix'>
<div  class='av-alb-blogposts template-blog  av-blog-meta-author-disabled av-blog-meta-comments-disabled av-blog-meta-category-disabled av-blog-meta-date-disabled av-blog-meta-html-info-disabled av-blog-meta-tag-disabled '  itemscope="itemscope" itemtype="https://schema.org/Blog" ><article class="post-entry post-entry-type-standard post-entry-2081 post-loop-1 post-parity-odd post-entry-last single-small with-slider post-2081 post type-post status-publish format-standard has-post-thumbnail hentry category-conferences-lectures"  itemscope="itemscope" itemtype="https://schema.org/BlogPosting" ><div class="blog-meta"><a href='https://www.museummurten.ch/fr/2012/04/conferences-et-lectures-2/' class='small-preview'  title="7385voltaireweb"   itemprop="image" itemscope="itemscope" itemtype="https://schema.org/ImageObject" ><img decoding="async" loading="lazy" width="180" height="180" src="https://www.museummurten.ch/wp-content/uploads/2018/07/7385voltaireweb-180x180.jpg" class="wp-image-6902 avia-img-lazy-loading-6902 attachment-square size-square wp-post-image" alt="" srcset="https://www.museummurten.ch/wp-content/uploads/2018/07/7385voltaireweb-180x180.jpg 180w, https://www.museummurten.ch/wp-content/uploads/2018/07/7385voltaireweb-80x80.jpg 80w, https://www.museummurten.ch/wp-content/uploads/2018/07/7385voltaireweb-36x36.jpg 36w, https://www.museummurten.ch/wp-content/uploads/2018/07/7385voltaireweb-120x120.jpg 120w, https://www.museummurten.ch/wp-content/uploads/2018/07/7385voltaireweb-450x450.jpg 450w" sizes="auto, (max-width: 180px) 100vw, 180px" /><span class='iconfont avia-svg-icon avia-font-svg_entypo-fontello' data-av_svg_icon='pencil' data-av_iconset='svg_entypo-fontello' ><svg version="1.1" xmlns="http://www.w3.org/2000/svg" width="25" height="32" viewBox="0 0 25 32" preserveAspectRatio="xMidYMid meet" role="graphics-symbol" aria-hidden="true">
<path d="M22.976 5.44q1.024 1.024 1.504 2.048t0.48 1.536v0.512l-8.064 8.064-9.28 9.216-7.616 1.664 1.6-7.68 9.28-9.216 8.064-8.064q1.728-0.384 4.032 1.92zM7.168 25.92l0.768-0.768q-0.064-1.408-1.664-3.008-0.704-0.704-1.44-1.12t-1.12-0.416l-0.448-0.064-0.704 0.768-0.576 2.56q0.896 0.512 1.472 1.088 0.768 0.768 1.152 1.536z"></path>
</svg></span></a></div><div class='entry-content-wrapper clearfix standard-content'><header class="entry-content-header" aria-label="Articles : Conférences et lectures"><h2 class='post-title entry-title '  itemprop="headline" ><a href="https://www.museummurten.ch/fr/2012/04/conferences-et-lectures-2/" rel="bookmark" title="Lien permanent : Conférences et lectures">Conférences et lectures<span class="post-format-icon minor-meta"></span></a></h2><span class="post-meta-infos"></span></header><div class="entry-content"  itemprop="text" ><p><em>Cafés scientifiques et conférences</em></p>
<p>31.5.2026, 10h30-11h30 : Mémoire en vitrine, savoir en classe : penser la bataille de Morat aujourd’hui, en français. Modération : Denis Decrausaz. Intervenants : Telmo Berner Bastos, Loïc Chollet, Alain-Jacques Tornare.</p>
<p>9.6.2026, dès 19h30 : Murten 1476-2026, Altvertrautes, neu gesehen, auf Deutsch, Claudius Sieber-Lehmann.</p>
<p>29.9.2026, 18h30-19h30 : Podiumsgespräch über lebendige Traditionen als Anknüpfung an den Murtenlauf, auf Deutsch.</p>
</div><footer class="entry-footer"></footer><div class='post_delimiter'></div></div><div class="post_author_timeline"></div><span class='hidden'>
				<span class='av-structured-data'  itemprop="image" itemscope="itemscope" itemtype="https://schema.org/ImageObject" >
						<span itemprop='url'>https://www.museummurten.ch/wp-content/uploads/2018/07/7385voltaireweb.jpg</span>
						<span itemprop='height'>803</span>
						<span itemprop='width'>515</span>
				</span>
				<span class='av-structured-data'  itemprop="publisher" itemtype="https://schema.org/Organization" itemscope="itemscope" >
						<span itemprop='name'>museum murten</span>
						<span itemprop='logo' itemscope itemtype='https://schema.org/ImageObject'>
							<span itemprop='url'>http:///www.museummurten.ch/wp-content/uploads/2016/03/logo-mm-white.png</span>
						</span>
				</span><span class='av-structured-data'  itemprop="author" itemscope="itemscope" itemtype="https://schema.org/Person" ><span itemprop='name'>museum murten</span></span><span class='av-structured-data'  itemprop="datePublished" datetime="2012-04-06T09:42:56+01:00" >2012-04-06 09:42:56</span><span class='av-structured-data'  itemprop="dateModified" itemtype="https://schema.org/dateModified" >2026-02-22 16:09:32</span><span class='av-structured-data'  itemprop="mainEntityOfPage" itemtype="https://schema.org/mainEntityOfPage" ><span itemprop='name'>Conférences et lectures</span></span></span></article></div>
