{"id":4057,"date":"2017-09-22T13:47:57","date_gmt":"2017-09-22T12:47:57","guid":{"rendered":"http:\/\/www.museummurten.ch\/fr\/test-de-2\/"},"modified":"2017-09-22T13:51:53","modified_gmt":"2017-09-22T12:51:53","slug":"test-de-2","status":"publish","type":"page","link":"https:\/\/www.museummurten.ch\/fr\/test-de-2\/","title":{"rendered":"test DE"},"content":{"rendered":"\n<style type=\"text\/css\" data-created_by=\"avia_inline_auto\" id=\"style-css-av-av_heading-ca3952d4b41aa370e3534b1fdc5c53ae\">\n#top .av-special-heading.av-av_heading-ca3952d4b41aa370e3534b1fdc5c53ae{\npadding-bottom:10px;\n}\nbody .av-special-heading.av-av_heading-ca3952d4b41aa370e3534b1fdc5c53ae .av-special-heading-tag .heading-char{\nfont-size:25px;\n}\n.av-special-heading.av-av_heading-ca3952d4b41aa370e3534b1fdc5c53ae .av-subheading{\nfont-size:15px;\n}\n<\/style>\n<div  class='av-special-heading av-av_heading-ca3952d4b41aa370e3534b1fdc5c53ae av-special-heading-h3 blockquote modern-quote  avia-builder-el-0  el_before_av_one_half  avia-builder-el-first '><h3 class='av-special-heading-tag '  itemprop=\"headline\"  >Portrait<\/h3><div class=\"special-heading-border\"><div class=\"special-heading-inner-border\"><\/div><\/div><\/div>\n\n<style type=\"text\/css\" data-created_by=\"avia_inline_auto\" id=\"style-css-av-av_one_half-6126cab7d8fab8d08143dd2dacdf673c\">\n.flex_column.av-av_one_half-6126cab7d8fab8d08143dd2dacdf673c{\nborder-radius:0px 0px 0px 0px;\npadding:0px 0px 0px 0px;\n}\n<\/style>\n<div  class='flex_column av-av_one_half-6126cab7d8fab8d08143dd2dacdf673c av_one_half  avia-builder-el-1  el_after_av_heading  el_before_av_one_half  first flex_column_div av-zero-column-padding  '     ><section  class='av_textblock_section av-av_textblock-0366cc7376be6c9e82a3e9cc8987b64f '   itemscope=\"itemscope\" itemtype=\"https:\/\/schema.org\/CreativeWork\" ><div class='avia_textblock'  itemprop=\"text\" ><p>1992, un appel radio invite les personnes concern\u00e9es par la maladie psychique \u00e0 se r\u00e9unir dans un restaurant de Fribourg pour r\u00e9fl\u00e9chir \u00e0 la cr\u00e9ation d\u2019une association. Une dizaine de personnes sont pr\u00e9sentes, certaines ont v\u00e9cu ou vivent encore des hospitalisations et des traitements psychiatriques; d\u2019autres ont un proche en traitement ou sont des professionnel-le-s du travail social. En automne, l\u2019AFAAP est constitu\u00e9e.<\/p>\n<p>Aujourd&rsquo;hui, les valeurs d\u00e9finies il y a plus de 20 ans sont toujours pr\u00e9sentes : offrir aux personnes vivant avec la souffrance psychique un espace cr\u00e9ateur de liens, o\u00f9 aller \u00e0 la rencontre de l\u2019autre dans la confiance, le soutien et le partenariat. L\u2019AFAAP donne \u00e9galement la possibilit\u00e9 unique de se reconstruire par des activit\u00e9s et, petit \u00e0 petit, de redevenir utile pour les autres et la soci\u00e9t\u00e9.<\/p>\n<\/div><\/section><\/div>\n\n<style type=\"text\/css\" data-created_by=\"avia_inline_auto\" id=\"style-css-av-av_one_half-0aa7055fe62c3622faec82866afbaeb2\">\n.flex_column.av-av_one_half-0aa7055fe62c3622faec82866afbaeb2{\nborder-radius:0px 0px 0px 0px;\npadding:0px 0px 0px 0px;\n}\n<\/style>\n<div  class='flex_column av-av_one_half-0aa7055fe62c3622faec82866afbaeb2 av_one_half  avia-builder-el-3  el_after_av_one_half  el_before_av_one_full  flex_column_div av-zero-column-padding  '     ><section  class='av_textblock_section av-av_textblock-0366cc7376be6c9e82a3e9cc8987b64f '   itemscope=\"itemscope\" itemtype=\"https:\/\/schema.org\/CreativeWork\" ><div class='avia_textblock'  itemprop=\"text\" ><p>Au-del\u00e0 de l\u2019am\u00e9lioration des conditions de vie individuelles et sociales de ses membres, l\u2019AFAAP souhaite \u00e9galement promouvoir leurs int\u00e9r\u00eats et leurs droits propres par le biais d&rsquo;un travail de conscientisation et d&rsquo;actions collectives.<\/p>\n<p>Le comit\u00e9 de l\u2019AFAAP est compos\u00e9 de personnes concern\u00e9es par la maladie psychique et de proches. Une \u00e9quipe de professionnel-le-s encadre le mouvement associatif dont le soutien aux pairs animateurs b\u00e9n\u00e9voles.<\/p>\n<p>L\u2019AFAAP est reconnue d\u2019utilit\u00e9 publique et est soutenue par la Direction de la\u00a0sant\u00e9 et des affaires sociales\u00a0de l&rsquo;Etat\u00a0de Fribourg, l&rsquo;OFAS et la Loterie Romande.<\/p>\n<\/div><\/section><\/div>\n\n<style type=\"text\/css\" data-created_by=\"avia_inline_auto\" id=\"style-css-av-av_one_full-6126cab7d8fab8d08143dd2dacdf673c\">\n.flex_column.av-av_one_full-6126cab7d8fab8d08143dd2dacdf673c{\nborder-radius:0px 0px 0px 0px;\npadding:0px 0px 0px 0px;\n}\n<\/style>\n<div  class='flex_column av-av_one_full-6126cab7d8fab8d08143dd2dacdf673c av_one_full  avia-builder-el-5  el_after_av_one_half  avia-builder-el-last  first flex_column_div av-zero-column-padding  column-top-margin'     ><p><div  class='avia-video av-av_video-50a1d43a9bcf73065a33f16993e190d2 avia-video-16-9 av-no-preview-image avia-video-load-always av-lazyload-immediate av-lazyload-video-embed'  itemprop=\"video\" itemtype=\"https:\/\/schema.org\/VideoObject\"  data-original_url='https:\/\/youtu.be\/hf7OY4lNm6Q'><script type='text\/html' class='av-video-tmpl'><div class='avia-iframe-wrap'><iframe loading=\"lazy\" width=\"1500\" height=\"844\" src=\"https:\/\/www.youtube.com\/embed\/hf7OY4lNm6Q?feature=oembed&autoplay=0&loop=0&controls=1&mute=0\" frameborder=\"0\" allowfullscreen><\/iframe><\/div><\/script><div class='av-click-to-play-overlay'><div class=\"avia_playpause_icon\"><\/div><\/div><\/div><br \/>\n<section  class='av_textblock_section av-av_textblock-0366cc7376be6c9e82a3e9cc8987b64f '   itemscope=\"itemscope\" itemtype=\"https:\/\/schema.org\/CreativeWork\" ><div class='avia_textblock'  itemprop=\"text\" ><p>Au-del\u00e0 de l\u2019am\u00e9lioration des conditions de vie individuelles et sociales de ses membres, l\u2019AFAAP souhaite \u00e9galement promouvoir leurs int\u00e9r\u00eats et leurs droits propres par le biais d&rsquo;un travail de conscientisation et d&rsquo;actions collectives.<\/p>\n<p>Le comit\u00e9 de l\u2019AFAAP est compos\u00e9 de personnes concern\u00e9es par la maladie psychique et de proches. Une \u00e9quipe de professionnel-le-s encadre le mouvement associatif dont le soutien aux pairs animateurs b\u00e9n\u00e9voles.<\/p>\n<p>L\u2019AFAAP est reconnue d\u2019utilit\u00e9 publique et est soutenue par la Direction de la\u00a0sant\u00e9 et des affaires sociales\u00a0de l&rsquo;Etat\u00a0de Fribourg, l&rsquo;OFAS et la Loterie Romande.<\/p>\n<\/div><\/section><br \/>\n\n<style type=\"text\/css\" data-created_by=\"avia_inline_auto\" id=\"style-css-av-av_image-cbb2f9c881026b76778cd6823c7468fe\">\n.avia-image-container.av-av_image-cbb2f9c881026b76778cd6823c7468fe img.avia_image{\nbox-shadow:none;\n}\n.avia-image-container.av-av_image-cbb2f9c881026b76778cd6823c7468fe .av-image-caption-overlay-center{\ncolor:#ffffff;\n}\n<\/style>\n<div  class='avia-image-container av-av_image-cbb2f9c881026b76778cd6823c7468fe av-styling- avia-align-center  avia-builder-el-8  el_after_av_textblock  avia-builder-el-last '   itemprop=\"image\" itemscope=\"itemscope\" itemtype=\"https:\/\/schema.org\/ImageObject\" ><div class=\"avia-image-container-inner\"><div class=\"avia-image-overlay-wrap\"><img decoding=\"async\" fetchpriority=\"high\" class='wp-image-3589 avia-img-lazy-loading-not-3589 avia_image ' src=\"https:\/\/www.museummurten.ch\/wp-content\/uploads\/2016\/06\/mm12.jpg\" alt='' title='mm12'  height=\"300\" width=\"1500\"  itemprop=\"thumbnailUrl\" srcset=\"https:\/\/www.museummurten.ch\/wp-content\/uploads\/2016\/06\/mm12.jpg 1500w, https:\/\/www.museummurten.ch\/wp-content\/uploads\/2016\/06\/mm12-300x60.jpg 300w, https:\/\/www.museummurten.ch\/wp-content\/uploads\/2016\/06\/mm12-768x154.jpg 768w, https:\/\/www.museummurten.ch\/wp-content\/uploads\/2016\/06\/mm12-1030x206.jpg 1030w, https:\/\/www.museummurten.ch\/wp-content\/uploads\/2016\/06\/mm12-705x141.jpg 705w, https:\/\/www.museummurten.ch\/wp-content\/uploads\/2016\/06\/mm12-450x90.jpg 450w\" sizes=\"(max-width: 1500px) 100vw, 1500px\" \/><\/div><\/div><\/div><\/p><\/div>\n","protected":false},"excerpt":{"rendered":"","protected":false},"author":4,"featured_media":0,"parent":0,"menu_order":0,"comment_status":"closed","ping_status":"closed","template":"","meta":{"footnotes":""},"class_list":["post-4057","page","type-page","status-publish","hentry"],"_links":{"self":[{"href":"https:\/\/www.museummurten.ch\/fr\/wp-json\/wp\/v2\/pages\/4057","targetHints":{"allow":["GET"]}}],"collection":[{"href":"https:\/\/www.museummurten.ch\/fr\/wp-json\/wp\/v2\/pages"}],"about":[{"href":"https:\/\/www.museummurten.ch\/fr\/wp-json\/wp\/v2\/types\/page"}],"author":[{"embeddable":true,"href":"https:\/\/www.museummurten.ch\/fr\/wp-json\/wp\/v2\/users\/4"}],"replies":[{"embeddable":true,"href":"https:\/\/www.museummurten.ch\/fr\/wp-json\/wp\/v2\/comments?post=4057"}],"version-history":[{"count":1,"href":"https:\/\/www.museummurten.ch\/fr\/wp-json\/wp\/v2\/pages\/4057\/revisions"}],"predecessor-version":[{"id":4058,"href":"https:\/\/www.museummurten.ch\/fr\/wp-json\/wp\/v2\/pages\/4057\/revisions\/4058"}],"wp:attachment":[{"href":"https:\/\/www.museummurten.ch\/fr\/wp-json\/wp\/v2\/media?parent=4057"}],"curies":[{"name":"wp","href":"https:\/\/api.w.org\/{rel}","templated":true}]}}

<style type="text/css" data-created_by="avia_inline_auto" id="style-css-av-av_heading-ca3952d4b41aa370e3534b1fdc5c53ae">
#top .av-special-heading.av-av_heading-ca3952d4b41aa370e3534b1fdc5c53ae{
padding-bottom:10px;
}
body .av-special-heading.av-av_heading-ca3952d4b41aa370e3534b1fdc5c53ae .av-special-heading-tag .heading-char{
font-size:25px;
}
.av-special-heading.av-av_heading-ca3952d4b41aa370e3534b1fdc5c53ae .av-subheading{
font-size:15px;
}
</style>
<div  class='av-special-heading av-av_heading-ca3952d4b41aa370e3534b1fdc5c53ae av-special-heading-h3 blockquote modern-quote  avia-builder-el-0  el_before_av_one_half  avia-builder-el-first '><h3 class='av-special-heading-tag '  itemprop="headline"  >Portrait</h3><div class="special-heading-border"><div class="special-heading-inner-border"></div></div></div>

<style type="text/css" data-created_by="avia_inline_auto" id="style-css-av-av_one_half-6126cab7d8fab8d08143dd2dacdf673c">
.flex_column.av-av_one_half-6126cab7d8fab8d08143dd2dacdf673c{
border-radius:0px 0px 0px 0px;
padding:0px 0px 0px 0px;
}
</style>
<div  class='flex_column av-av_one_half-6126cab7d8fab8d08143dd2dacdf673c av_one_half  avia-builder-el-1  el_after_av_heading  el_before_av_one_half  first flex_column_div av-zero-column-padding  '     ><section  class='av_textblock_section av-av_textblock-0366cc7376be6c9e82a3e9cc8987b64f '   itemscope="itemscope" itemtype="https://schema.org/CreativeWork" ><div class='avia_textblock'  itemprop="text" ><p>1992, un appel radio invite les personnes concernées par la maladie psychique à se réunir dans un restaurant de Fribourg pour réfléchir à la création d’une association. Une dizaine de personnes sont présentes, certaines ont vécu ou vivent encore des hospitalisations et des traitements psychiatriques; d’autres ont un proche en traitement ou sont des professionnel-le-s du travail social. En automne, l’AFAAP est constituée.</p>
<p>Aujourd&rsquo;hui, les valeurs définies il y a plus de 20 ans sont toujours présentes : offrir aux personnes vivant avec la souffrance psychique un espace créateur de liens, où aller à la rencontre de l’autre dans la confiance, le soutien et le partenariat. L’AFAAP donne également la possibilité unique de se reconstruire par des activités et, petit à petit, de redevenir utile pour les autres et la société.</p>
</div></section></div>

<style type="text/css" data-created_by="avia_inline_auto" id="style-css-av-av_one_half-0aa7055fe62c3622faec82866afbaeb2">
.flex_column.av-av_one_half-0aa7055fe62c3622faec82866afbaeb2{
border-radius:0px 0px 0px 0px;
padding:0px 0px 0px 0px;
}
</style>
<div  class='flex_column av-av_one_half-0aa7055fe62c3622faec82866afbaeb2 av_one_half  avia-builder-el-3  el_after_av_one_half  el_before_av_one_full  flex_column_div av-zero-column-padding  '     ><section  class='av_textblock_section av-av_textblock-0366cc7376be6c9e82a3e9cc8987b64f '   itemscope="itemscope" itemtype="https://schema.org/CreativeWork" ><div class='avia_textblock'  itemprop="text" ><p>Au-delà de l’amélioration des conditions de vie individuelles et sociales de ses membres, l’AFAAP souhaite également promouvoir leurs intérêts et leurs droits propres par le biais d&rsquo;un travail de conscientisation et d&rsquo;actions collectives.</p>
<p>Le comité de l’AFAAP est composé de personnes concernées par la maladie psychique et de proches. Une équipe de professionnel-le-s encadre le mouvement associatif dont le soutien aux pairs animateurs bénévoles.</p>
<p>L’AFAAP est reconnue d’utilité publique et est soutenue par la Direction de la santé et des affaires sociales de l&rsquo;Etat de Fribourg, l&rsquo;OFAS et la Loterie Romande.</p>
</div></section></div>

<style type="text/css" data-created_by="avia_inline_auto" id="style-css-av-av_one_full-6126cab7d8fab8d08143dd2dacdf673c">
.flex_column.av-av_one_full-6126cab7d8fab8d08143dd2dacdf673c{
border-radius:0px 0px 0px 0px;
padding:0px 0px 0px 0px;
}
</style>
<div  class='flex_column av-av_one_full-6126cab7d8fab8d08143dd2dacdf673c av_one_full  avia-builder-el-5  el_after_av_one_half  avia-builder-el-last  first flex_column_div av-zero-column-padding  column-top-margin'     ><p><div  class='avia-video av-av_video-50a1d43a9bcf73065a33f16993e190d2 avia-video-16-9 av-no-preview-image avia-video-load-always av-lazyload-immediate av-lazyload-video-embed'  itemprop="video" itemtype="https://schema.org/VideoObject"  data-original_url='https://youtu.be/hf7OY4lNm6Q'><script type='text/html' class='av-video-tmpl'><div class='avia-iframe-wrap'><iframe loading="lazy" width="1500" height="844" src="https://www.youtube.com/embed/hf7OY4lNm6Q?feature=oembed&autoplay=0&loop=0&controls=1&mute=0" frameborder="0" allowfullscreen></iframe></div></script><div class='av-click-to-play-overlay'><div class="avia_playpause_icon"></div></div></div><br />
<section  class='av_textblock_section av-av_textblock-0366cc7376be6c9e82a3e9cc8987b64f '   itemscope="itemscope" itemtype="https://schema.org/CreativeWork" ><div class='avia_textblock'  itemprop="text" ><p>Au-delà de l’amélioration des conditions de vie individuelles et sociales de ses membres, l’AFAAP souhaite également promouvoir leurs intérêts et leurs droits propres par le biais d&rsquo;un travail de conscientisation et d&rsquo;actions collectives.</p>
<p>Le comité de l’AFAAP est composé de personnes concernées par la maladie psychique et de proches. Une équipe de professionnel-le-s encadre le mouvement associatif dont le soutien aux pairs animateurs bénévoles.</p>
<p>L’AFAAP est reconnue d’utilité publique et est soutenue par la Direction de la santé et des affaires sociales de l&rsquo;Etat de Fribourg, l&rsquo;OFAS et la Loterie Romande.</p>
</div></section><br />

<style type="text/css" data-created_by="avia_inline_auto" id="style-css-av-av_image-cbb2f9c881026b76778cd6823c7468fe">
.avia-image-container.av-av_image-cbb2f9c881026b76778cd6823c7468fe img.avia_image{
box-shadow:none;
}
.avia-image-container.av-av_image-cbb2f9c881026b76778cd6823c7468fe .av-image-caption-overlay-center{
color:#ffffff;
}
</style>
<div  class='avia-image-container av-av_image-cbb2f9c881026b76778cd6823c7468fe av-styling- avia-align-center  avia-builder-el-8  el_after_av_textblock  avia-builder-el-last '   itemprop="image" itemscope="itemscope" itemtype="https://schema.org/ImageObject" ><div class="avia-image-container-inner"><div class="avia-image-overlay-wrap"><img decoding="async" fetchpriority="high" class='wp-image-3589 avia-img-lazy-loading-not-3589 avia_image ' src="https://www.museummurten.ch/wp-content/uploads/2016/06/mm12.jpg" alt='' title='mm12'  height="300" width="1500"  itemprop="thumbnailUrl" srcset="https://www.museummurten.ch/wp-content/uploads/2016/06/mm12.jpg 1500w, https://www.museummurten.ch/wp-content/uploads/2016/06/mm12-300x60.jpg 300w, https://www.museummurten.ch/wp-content/uploads/2016/06/mm12-768x154.jpg 768w, https://www.museummurten.ch/wp-content/uploads/2016/06/mm12-1030x206.jpg 1030w, https://www.museummurten.ch/wp-content/uploads/2016/06/mm12-705x141.jpg 705w, https://www.museummurten.ch/wp-content/uploads/2016/06/mm12-450x90.jpg 450w" sizes="(max-width: 1500px) 100vw, 1500px" /></div></div></div></p></div>
