{"id":4516,"date":"2018-07-08T13:52:19","date_gmt":"2018-07-08T12:52:19","guid":{"rendered":"http:\/\/www.museummurten.ch\/portfolio-item\/july\/"},"modified":"2021-07-23T12:26:24","modified_gmt":"2021-07-23T11:26:24","slug":"july","status":"publish","type":"portfolio","link":"https:\/\/www.museummurten.ch\/fr\/portfolio-item\/july\/","title":{"rendered":"Juillet"},"content":{"rendered":"<p>Vase \u00e0 couvercle, XVIIIe si\u00e8cle<br \/>\nFa\u00efence de Delft<\/p>\n","protected":false},"excerpt":{"rendered":"<p>Vase \u00e0 couvercle, XVIIIe si\u00e8cle Fa\u00efence de Delft<\/p>\n","protected":false},"author":2,"featured_media":7517,"comment_status":"closed","ping_status":"closed","template":"","meta":{"footnotes":""},"tags":[],"portfolio_entries":[46],"class_list":["post-4516","portfolio","type-portfolio","status-publish","has-post-thumbnail","hentry","portfolio_entries-objet-du-mois"],"_links":{"self":[{"href":"https:\/\/www.museummurten.ch\/fr\/wp-json\/wp\/v2\/portfolio\/4516","targetHints":{"allow":["GET"]}}],"collection":[{"href":"https:\/\/www.museummurten.ch\/fr\/wp-json\/wp\/v2\/portfolio"}],"about":[{"href":"https:\/\/www.museummurten.ch\/fr\/wp-json\/wp\/v2\/types\/portfolio"}],"author":[{"embeddable":true,"href":"https:\/\/www.museummurten.ch\/fr\/wp-json\/wp\/v2\/users\/2"}],"replies":[{"embeddable":true,"href":"https:\/\/www.museummurten.ch\/fr\/wp-json\/wp\/v2\/comments?post=4516"}],"version-history":[{"count":3,"href":"https:\/\/www.museummurten.ch\/fr\/wp-json\/wp\/v2\/portfolio\/4516\/revisions"}],"predecessor-version":[{"id":7527,"href":"https:\/\/www.museummurten.ch\/fr\/wp-json\/wp\/v2\/portfolio\/4516\/revisions\/7527"}],"wp:featuredmedia":[{"embeddable":true,"href":"https:\/\/www.museummurten.ch\/fr\/wp-json\/wp\/v2\/media\/7517"}],"wp:attachment":[{"href":"https:\/\/www.museummurten.ch\/fr\/wp-json\/wp\/v2\/media?parent=4516"}],"wp:term":[{"taxonomy":"post_tag","embeddable":true,"href":"https:\/\/www.museummurten.ch\/fr\/wp-json\/wp\/v2\/tags?post=4516"},{"taxonomy":"portfolio_entries","embeddable":true,"href":"https:\/\/www.museummurten.ch\/fr\/wp-json\/wp\/v2\/portfolio_entries?post=4516"}],"curies":[{"name":"wp","href":"https:\/\/api.w.org\/{rel}","templated":true}]}}

<p>Vase à couvercle, XVIIIe siècle<br />
Faïence de Delft</p>

<p>Vase à couvercle, XVIIIe siècle Faïence de Delft</p>
